CRAN Package Check Results for Package MolgenisAuth

Last updated on 2025-05-24 02:51:35 CEST.

Flavor Version Tinstall Tcheck Ttotal Status Flags
r-devel-linux-x86_64-debian-clang 0.0.25 1.74 25.14 26.88 NOTE
r-devel-linux-x86_64-debian-gcc 0.0.25 1.94 20.70 22.64 NOTE
r-devel-linux-x86_64-fedora-clang 0.0.25 43.00 OK
r-devel-linux-x86_64-fedora-gcc 0.0.25 56.45 OK
r-devel-windows-x86_64 0.0.25 4.00 48.00 52.00 NOTE
r-patched-linux-x86_64 0.0.25 2.03 24.69 26.72 NOTE
r-release-linux-x86_64 0.0.25 2.11 24.22 26.33 NOTE
r-release-macos-arm64 0.0.25 35.00 OK
r-release-macos-x86_64 0.0.25 58.00 OK
r-release-windows-x86_64 0.0.25 3.00 80.00 83.00 NOTE
r-oldrel-macos-arm64 0.0.25 28.00 OK
r-oldrel-macos-x86_64 0.0.25 34.00 OK
r-oldrel-windows-x86_64 0.0.25 4.00 51.00 55.00 OK

Check Details

Version: 0.0.25
Check: Rd cross-references
Result: NOTE Found the following Rd file(s) with Rd \link{} targets missing package anchors: device_flow_auth.Rd: oauth_endpoint discover.Rd: oauth_endpoint Please provide package anchors for all Rd \link{} targets not in the package itself and the base packages. Flavors: r-devel-linux-x86_64-debian-clang, r-devel-linux-x86_64-debian-gcc, r-devel-windows-x86_64, r-patched-linux-x86_64, r-release-linux-x86_64, r-release-windows-x86_64