Last updated on 2025-11-24 07:50:06 CET.
| Flavor | Version | Tinstall | Tcheck | Ttotal | Status | Flags |
|---|---|---|---|---|---|---|
| r-devel-linux-x86_64-debian-clang | 0.1.0 | 7.58 | 55.93 | 63.51 | OK | |
| r-devel-linux-x86_64-debian-gcc | 0.1.0 | 4.68 | 41.69 | 46.37 | OK | |
| r-devel-linux-x86_64-fedora-clang | 0.1.0 | 18.00 | 78.50 | 96.50 | OK | |
| r-devel-windows-x86_64 | 0.1.0 | 11.00 | 65.00 | 76.00 | OK | |
| r-patched-linux-x86_64 | 0.1.0 | 6.66 | 52.67 | 59.33 | OK | |
| r-release-linux-x86_64 | 0.1.0 | 6.16 | 52.05 | 58.21 | OK | |
| r-release-macos-arm64 | 0.1.0 | OK | ||||
| r-release-macos-x86_64 | 0.1.0 | 7.00 | 43.00 | 50.00 | OK | |
| r-release-windows-x86_64 | 0.1.0 | 8.00 | 77.00 | 85.00 | OK | |
| r-oldrel-macos-arm64 | 0.1.0 | NOTE | ||||
| r-oldrel-macos-x86_64 | 0.1.0 | 4.00 | 34.00 | 38.00 | NOTE | |
| r-oldrel-windows-x86_64 | 0.1.0 | 10.00 | 80.00 | 90.00 | NOTE |
Version: 0.1.0
Check: LazyData
Result: NOTE
'LazyData' is specified without a 'data' directory
Flavors: r-oldrel-macos-arm64, r-oldrel-macos-x86_64, r-oldrel-windows-x86_64