CRAN Package Check Results for Package MixRF

Last updated on 2025-07-02 02:54:35 CEST.

Flavor Version Tinstall Tcheck Ttotal Status Flags
r-devel-linux-x86_64-debian-clang 1.0 8.21 67.60 75.81 NOTE
r-devel-linux-x86_64-debian-gcc 1.0 6.25 48.95 55.20 NOTE
r-devel-linux-x86_64-fedora-clang 1.0 117.45 OK
r-devel-linux-x86_64-fedora-gcc 1.0 109.43 OK
r-devel-windows-x86_64 1.0 8.00 82.00 90.00 OK
r-patched-linux-x86_64 OK
r-release-linux-x86_64 1.0 8.64 64.09 72.73 OK
r-release-macos-arm64 1.0 38.00 OK
r-release-macos-x86_64 1.0 69.00 OK
r-release-windows-x86_64 1.0 9.00 81.00 90.00 OK
r-oldrel-macos-arm64 1.0 39.00 OK
r-oldrel-macos-x86_64 1.0 70.00 OK
r-oldrel-windows-x86_64 1.0 11.00 97.00 108.00 OK

Check Details

Version: 1.0
Check: CRAN incoming feasibility
Result: NOTE Maintainer: ‘Jiebiao Wang <randel.wang@gmail.com>’ No Authors@R field in DESCRIPTION. Please add one, modifying Authors@R: c(person(given = "Jiebiao", family = "Wang", role = c("aut", "cre"), email = "randel.wang@gmail.com"), person(given = c("Lin", "S."), family = "Chen", role = "aut")) as necessary. Flavors: r-devel-linux-x86_64-debian-clang, r-devel-linux-x86_64-debian-gcc