Last updated on 2024-03-29 04:54:39 CET.
Flavor | Version | Tinstall | Tcheck | Ttotal | Status | Flags |
---|---|---|---|---|---|---|
r-devel-linux-x86_64-debian-clang | 1.1.2 | 7.51 | 71.74 | 79.25 | NOTE | |
r-devel-linux-x86_64-debian-gcc | 1.1.2 | 5.93 | 52.95 | 58.88 | NOTE | |
r-devel-linux-x86_64-fedora-clang | 1.1.2 | 98.39 | NOTE | |||
r-devel-linux-x86_64-fedora-gcc | 1.1.2 | 92.30 | NOTE | |||
r-devel-windows-x86_64 | 1.1.2 | 9.00 | 69.00 | 78.00 | NOTE | |
r-patched-linux-x86_64 | 1.1.2 | 6.88 | 69.43 | 76.31 | NOTE | |
r-release-linux-x86_64 | 1.1.2 | 6.15 | 67.82 | 73.97 | NOTE | |
r-release-macos-arm64 | 1.1.2 | 40.00 | NOTE | |||
r-release-macos-x86_64 | 1.1.2 | 45.00 | NOTE | |||
r-release-windows-x86_64 | 1.1.2 | 9.00 | 82.00 | 91.00 | NOTE | |
r-oldrel-macos-arm64 | 1.1.2 | 28.00 | NOTE | |||
r-oldrel-windows-x86_64 | 1.1.2 | 9.00 | 89.00 | 98.00 | NOTE |
Version: 1.1.2
Check: LazyData
Result: NOTE
'LazyData' is specified without a 'data' directory
Flavors: r-devel-linux-x86_64-debian-clang, r-devel-linux-x86_64-debian-gcc, r-devel-linux-x86_64-fedora-clang, r-devel-linux-x86_64-fedora-gcc, r-devel-windows-x86_64, r-patched-linux-x86_64, r-release-linux-x86_64, r-release-macos-arm64, r-release-macos-x86_64, r-release-windows-x86_64, r-oldrel-macos-arm64, r-oldrel-windows-x86_64