Last updated on 2024-05-09 23:07:25 CEST.
Flavor | Version | Tinstall | Tcheck | Ttotal | Status | Flags |
---|---|---|---|---|---|---|
r-devel-linux-x86_64-debian-clang | 0.1.0 | 20.31 | 156.91 | 177.22 | OK | |
r-devel-linux-x86_64-debian-gcc | 0.1.0 | 16.34 | 111.87 | 128.21 | OK | |
r-devel-linux-x86_64-fedora-clang | 0.1.0 | 218.90 | NOTE | |||
r-devel-linux-x86_64-fedora-gcc | 0.1.0 | 280.10 | NOTE | |||
r-devel-windows-x86_64 | 0.1.0 | 16.00 | 111.00 | 127.00 | OK | |
r-patched-linux-x86_64 | 0.1.0 | 20.78 | 144.14 | 164.92 | OK | |
r-release-linux-x86_64 | 0.1.0 | 13.92 | 145.75 | 159.67 | OK | |
r-release-macos-arm64 | 0.1.0 | 59.00 | OK | |||
r-release-windows-x86_64 | 0.1.0 | 19.00 | 111.00 | 130.00 | OK | |
r-oldrel-macos-arm64 | 0.1.0 | 66.00 | OK | |||
r-oldrel-macos-x86_64 | 0.1.0 | 125.00 | OK | |||
r-oldrel-windows-x86_64 | 0.1.0 | 20.00 | 138.00 | 158.00 | OK |
Version: 0.1.0
Check: dependencies in R code
Result: NOTE
Namespaces in Imports field not imported from:
‘shinythemes’ ‘topicmodels’
All declared Imports should be used.
Flavors: r-devel-linux-x86_64-fedora-clang, r-devel-linux-x86_64-fedora-gcc