Last updated on 2024-05-21 18:49:21 CEST.
Flavor | Version | Tinstall | Tcheck | Ttotal | Status | Flags |
---|---|---|---|---|---|---|
r-devel-linux-x86_64-debian-clang | 1.5.5 | 102.86 | 592.94 | 695.80 | ERROR | |
r-devel-linux-x86_64-debian-gcc | 1.5.5 | 77.74 | 426.19 | 503.93 | NOTE | |
r-devel-linux-x86_64-fedora-clang | 1.5.5 | 934.29 | NOTE | |||
r-devel-linux-x86_64-fedora-gcc | 1.5.5 | 827.19 | NOTE | |||
r-devel-windows-x86_64 | 1.5.5 | 74.00 | 474.00 | 548.00 | NOTE | |
r-patched-linux-x86_64 | 1.5.5 | 101.54 | 584.23 | 685.77 | NOTE | |
r-release-linux-x86_64 | 1.5.5 | 64.09 | 550.70 | 614.79 | ERROR | |
r-release-macos-arm64 | 1.5.5 | 194.00 | NOTE | |||
r-release-windows-x86_64 | 1.5.5 | 75.00 | 474.00 | 549.00 | NOTE | |
r-oldrel-macos-arm64 | 1.5.5 | 208.00 | OK | |||
r-oldrel-macos-x86_64 | 1.5.5 | 363.00 | OK | |||
r-oldrel-windows-x86_64 | 1.5.5 | 102.00 | 619.00 | 721.00 | ERROR |
Version: 1.5.5
Check: Rd files
Result: NOTE
checkRd: (-1) bbc.Rd:39: Lost braces
39 | The "nbdev.mxm" (negative binomial deviance) is missing. For more information on these see \code{\link{cv.ses}}. bold{Note} that they come with "".
| ^
checkRd: (-1) cv.fbed.lmm.reg.Rd:32: Lost braces; missing escapes or markup?
32 | The folds of the data to use (a list generated by the function generateCVRuns {TunePareto}). If NULL the folds are created internally with the same function.
| ^
checkRd: (-1) cv.gomp.Rd:29: Lost braces; missing escapes or markup?
29 | The folds of the data to use (a list generated by the function generateCVRuns {TunePareto}). If NULL the folds are created internally with the same function.
| ^
checkRd: (-1) cv.ses.Rd:94: Lost braces; missing escapes or markup?
94 | The folds of the data to use (a list generated by the function generateCVRuns {TunePareto}). If NULL the folds are created internally with the same function.
| ^
Flavors: r-devel-linux-x86_64-debian-clang, r-devel-linux-x86_64-debian-gcc, r-devel-linux-x86_64-fedora-clang, r-devel-linux-x86_64-fedora-gcc, r-devel-windows-x86_64, r-patched-linux-x86_64, r-release-linux-x86_64, r-release-macos-arm64, r-release-windows-x86_64
Version: 1.5.5
Check: re-building of vignette outputs
Result: ERROR
Error(s) in re-building vignettes:
...
--- re-building ‘MMPC_tutorial.Rmd’ using knitr
Warning in xfun::prose_index(text) : Code fences are not balanced
Warning in prose_index(x) : Code fences are not balanced
Warning in xfun::prose_index(text) : Code fences are not balanced
--- finished re-building ‘MMPC_tutorial.Rmd’
--- re-building ‘SES_KMVerrou_11_12.Rmd’ using knitr
Quitting from lines 54-67 [unnamed-chunk-2] (SES_KMVerrou_11_12.Rmd)
Error: processing vignette 'SES_KMVerrou_11_12.Rmd' failed with diagnostics:
cannot open the connection to 'https://archive.ics.uci.edu/ml/machine-learning-databases/wine/wine.data'
--- failed re-building ‘SES_KMVerrou_11_12.Rmd’
--- re-building ‘FS_guide.ltx’ using tex
--- finished re-building ‘FS_guide.ltx’
--- re-building ‘article.ltx’ using tex
--- finished re-building ‘article.ltx’
--- re-building ‘guide.ltx’ using tex
--- finished re-building ‘guide.ltx’
SUMMARY: processing the following file failed:
‘SES_KMVerrou_11_12.Rmd’
Error: Vignette re-building failed.
Execution halted
Flavor: r-devel-linux-x86_64-debian-clang
Version: 1.5.5
Check: dependencies in R code
Result: NOTE
Namespace in Imports field not imported from: ‘knitr’
All declared Imports should be used.
Flavors: r-devel-linux-x86_64-fedora-clang, r-devel-linux-x86_64-fedora-gcc
Version: 1.5.5
Check: re-building of vignette outputs
Result: ERROR
Error(s) in re-building vignettes:
...
--- re-building ‘MMPC_tutorial.Rmd’ using knitr
Quitting from lines 92-119 [unnamed-chunk-2] (MMPC_tutorial.Rmd)
Error: processing vignette 'MMPC_tutorial.Rmd' failed with diagnostics:
cannot open the connection to 'https://archive.ics.uci.edu/ml/machine-learning-databases/wine/wine.data'
--- failed re-building ‘MMPC_tutorial.Rmd’
--- re-building ‘SES_KMVerrou_11_12.Rmd’ using knitr
Quitting from lines 54-67 [unnamed-chunk-2] (SES_KMVerrou_11_12.Rmd)
Error: processing vignette 'SES_KMVerrou_11_12.Rmd' failed with diagnostics:
cannot open the connection to 'https://archive.ics.uci.edu/ml/machine-learning-databases/wine/wine.data'
--- failed re-building ‘SES_KMVerrou_11_12.Rmd’
--- re-building ‘FS_guide.ltx’ using tex
--- finished re-building ‘FS_guide.ltx’
--- re-building ‘article.ltx’ using tex
--- finished re-building ‘article.ltx’
--- re-building ‘guide.ltx’ using tex
--- finished re-building ‘guide.ltx’
SUMMARY: processing the following files failed:
‘MMPC_tutorial.Rmd’ ‘SES_KMVerrou_11_12.Rmd’
Error: Vignette re-building failed.
Execution halted
Flavor: r-release-linux-x86_64
Version: 1.5.5
Check: re-building of vignette outputs
Result: ERROR
Error(s) in re-building vignettes:
--- re-building 'MMPC_tutorial.Rmd' using knitr
Quitting from lines 92-119 [unnamed-chunk-2] (MMPC_tutorial.Rmd)
Error: processing vignette 'MMPC_tutorial.Rmd' failed with diagnostics:
cannot open the connection to 'https://archive.ics.uci.edu/ml/machine-learning-databases/wine/wine.data'
--- failed re-building 'MMPC_tutorial.Rmd'
--- re-building 'SES_KMVerrou_11_12.Rmd' using knitr
--- finished re-building 'SES_KMVerrou_11_12.Rmd'
--- re-building 'FS_guide.ltx' using tex
--- finished re-building 'FS_guide.ltx'
--- re-building 'article.ltx' using tex
--- finished re-building 'article.ltx'
--- re-building 'guide.ltx' using tex
--- finished re-building 'guide.ltx'
SUMMARY: processing the following file failed:
'MMPC_tutorial.Rmd'
Error: Vignette re-building failed.
Execution halted
Flavor: r-oldrel-windows-x86_64