Last updated on 2024-05-10 00:55:10 CEST.
Flavor | Version | Tinstall | Tcheck | Ttotal | Status | Flags |
---|---|---|---|---|---|---|
r-devel-linux-x86_64-debian-clang | 1.0.0 | 2.97 | 50.61 | 53.58 | OK | |
r-devel-linux-x86_64-debian-gcc | 1.0.0 | 1.91 | 39.40 | 41.31 | OK | |
r-devel-linux-x86_64-fedora-clang | 1.0.0 | 69.71 | NOTE | |||
r-devel-linux-x86_64-fedora-gcc | 1.0.0 | 107.21 | NOTE | |||
r-devel-windows-x86_64 | 1.0.0 | 4.00 | 66.00 | 70.00 | OK | |
r-patched-linux-x86_64 | 1.0.0 | 3.45 | 48.21 | 51.66 | OK | |
r-release-linux-x86_64 | 1.0.0 | 3.28 | 49.99 | 53.27 | OK | |
r-release-macos-arm64 | 1.0.0 | 45.00 | OK | |||
r-release-windows-x86_64 | 1.0.0 | 4.00 | 66.00 | 70.00 | OK | |
r-oldrel-macos-arm64 | 1.0.0 | 41.00 | OK | |||
r-oldrel-macos-x86_64 | 1.0.0 | 115.00 | OK | |||
r-oldrel-windows-x86_64 | 1.0.0 | 4.00 | 65.00 | 69.00 | OK |
Version: 1.0.0
Check: dependencies in R code
Result: NOTE
Namespaces in Imports field not imported from:
‘R6’ ‘reticulate’
All declared Imports should be used.
Flavors: r-devel-linux-x86_64-fedora-clang, r-devel-linux-x86_64-fedora-gcc