Last updated on 2024-05-04 08:51:22 CEST.
Flavor | Version | Tinstall | Tcheck | Ttotal | Status | Flags |
---|---|---|---|---|---|---|
r-devel-linux-x86_64-debian-clang | 1.0.1 | 7.80 | 73.08 | 80.88 | OK | |
r-devel-linux-x86_64-debian-gcc | 1.0.1 | 6.56 | 53.52 | 60.08 | OK | |
r-devel-linux-x86_64-fedora-clang | 1.0.1 | 100.86 | NOTE | |||
r-devel-linux-x86_64-fedora-gcc | 1.0.1 | 108.70 | OK | |||
r-devel-windows-x86_64 | 1.0.1 | 8.00 | 87.00 | 95.00 | NOTE | |
r-patched-linux-x86_64 | 1.0.1 | 7.73 | 67.70 | 75.43 | OK | |
r-release-linux-x86_64 | 1.0.1 | 7.23 | 69.75 | 76.98 | OK | |
r-release-macos-arm64 | 1.0.1 | 37.00 | NOTE | |||
r-release-windows-x86_64 | 1.0.1 | 7.00 | 85.00 | 92.00 | NOTE | |
r-oldrel-macos-arm64 | 1.0.1 | 36.00 | NOTE | |||
r-oldrel-macos-x86_64 | 1.0.1 | 61.00 | NOTE | |||
r-oldrel-windows-x86_64 | 1.0.1 | 9.00 | 91.00 | 100.00 | NOTE |
Version: 1.0.1
Check: installed package size
Result: NOTE
installed size is 7.6Mb
sub-directories of 1Mb or more:
doc 1.9Mb
extdata 5.3Mb
Flavors: r-devel-linux-x86_64-fedora-clang, r-devel-windows-x86_64, r-release-macos-arm64, r-release-windows-x86_64, r-oldrel-macos-arm64, r-oldrel-macos-x86_64, r-oldrel-windows-x86_64