Last updated on 2025-05-28 05:48:48 CEST.
Flavor | Version | Tinstall | Tcheck | Ttotal | Status | Flags |
---|---|---|---|---|---|---|
r-devel-linux-x86_64-debian-clang | 1.2.2 | 20.12 | 92.40 | 112.52 | OK | |
r-devel-linux-x86_64-debian-gcc | 1.2.2 | 12.75 | 63.90 | 76.65 | OK | |
r-devel-linux-x86_64-fedora-clang | 1.2.2 | 186.77 | NOTE | |||
r-devel-linux-x86_64-fedora-gcc | 1.2.2 | 169.40 | NOTE | |||
r-devel-windows-x86_64 | 1.2.2 | 24.00 | 114.00 | 138.00 | OK | |
r-patched-linux-x86_64 | 1.2.2 | 16.01 | 84.50 | 100.51 | OK | |
r-release-linux-x86_64 | 1.2.2 | 20.10 | 84.68 | 104.78 | OK | |
r-release-macos-arm64 | 1.2.2 | 61.00 | OK | |||
r-release-macos-x86_64 | 1.2.2 | 91.00 | OK | |||
r-release-windows-x86_64 | 1.2.2 | 24.00 | 115.00 | 139.00 | OK | |
r-oldrel-macos-arm64 | 1.2.2 | 51.00 | OK | |||
r-oldrel-macos-x86_64 | 1.2.2 | 83.00 | OK | |||
r-oldrel-windows-x86_64 | 1.2.2 | 28.00 | 149.00 | 177.00 | OK |
Version: 1.2.2
Check: dependencies in R code
Result: NOTE
Namespaces in Imports field not imported from:
‘MASS’ ‘Rdpack’ ‘copula’ ‘missMethods’
All declared Imports should be used.
Flavors: r-devel-linux-x86_64-fedora-clang, r-devel-linux-x86_64-fedora-gcc