Last updated on 2024-05-13 06:52:08 CEST.
Flavor | Version | Tinstall | Tcheck | Ttotal | Status | Flags |
---|---|---|---|---|---|---|
r-devel-linux-x86_64-debian-clang | 1.0 | 48.72 | 133.07 | 181.79 | NOTE | |
r-devel-linux-x86_64-debian-gcc | 1.0 | 38.74 | 97.61 | 136.35 | NOTE | |
r-devel-linux-x86_64-fedora-clang | 1.0 | 230.36 | NOTE | |||
r-devel-linux-x86_64-fedora-gcc | 1.0 | 300.70 | NOTE | |||
r-devel-windows-x86_64 | 1.0 | 37.00 | 124.00 | 161.00 | NOTE | |
r-patched-linux-x86_64 | 1.0 | 36.32 | 122.81 | 159.13 | NOTE | |
r-release-linux-x86_64 | 1.0 | 34.47 | 126.50 | 160.97 | NOTE | |
r-release-macos-arm64 | 1.0 | 56.00 | NOTE | |||
r-release-windows-x86_64 | 1.0 | 37.00 | 126.00 | 163.00 | NOTE | |
r-oldrel-macos-arm64 | 1.0 | 68.00 | NOTE | |||
r-oldrel-macos-x86_64 | 1.0 | 110.00 | NOTE | |||
r-oldrel-windows-x86_64 | 1.0 | 49.00 | 157.00 | 206.00 | NOTE |
Version: 1.0
Check: C++ specification
Result: NOTE
Specified C++11: please drop specification unless essential
Flavors: r-devel-linux-x86_64-debian-clang, r-devel-linux-x86_64-debian-gcc, r-devel-linux-x86_64-fedora-clang, r-devel-linux-x86_64-fedora-gcc, r-devel-windows-x86_64, r-patched-linux-x86_64, r-release-linux-x86_64, r-release-macos-arm64, r-release-windows-x86_64, r-oldrel-macos-arm64, r-oldrel-macos-x86_64, r-oldrel-windows-x86_64
Version: 1.0
Check: LazyData
Result: NOTE
'LazyData' is specified without a 'data' directory
Flavors: r-devel-linux-x86_64-debian-clang, r-devel-linux-x86_64-debian-gcc, r-devel-linux-x86_64-fedora-clang, r-devel-linux-x86_64-fedora-gcc, r-devel-windows-x86_64, r-patched-linux-x86_64, r-release-linux-x86_64, r-release-macos-arm64, r-release-windows-x86_64, r-oldrel-macos-arm64, r-oldrel-macos-x86_64, r-oldrel-windows-x86_64