Last updated on 2024-05-21 17:50:01 CEST.
Flavor | Version | Tinstall | Tcheck | Ttotal | Status | Flags |
---|---|---|---|---|---|---|
r-devel-linux-x86_64-debian-clang | 2.0.2 | 16.76 | 128.76 | 145.52 | NOTE | |
r-devel-linux-x86_64-debian-gcc | 2.0.2 | 12.21 | 95.66 | 107.87 | NOTE | |
r-devel-linux-x86_64-fedora-clang | 2.0.2 | 171.50 | NOTE | |||
r-devel-linux-x86_64-fedora-gcc | 2.0.2 | 163.03 | NOTE | |||
r-devel-windows-x86_64 | 2.0.2 | 14.00 | 103.00 | 117.00 | NOTE | |
r-patched-linux-x86_64 | 2.0.2 | 11.37 | 120.40 | 131.77 | NOTE | |
r-release-linux-x86_64 | 2.0.2 | 11.03 | 121.64 | 132.67 | NOTE | |
r-release-macos-arm64 | 2.0.2 | 51.00 | NOTE | |||
r-release-macos-x86_64 | 2.0.2 | 125.00 | OK | |||
r-release-windows-x86_64 | 2.0.2 | 13.00 | 104.00 | 117.00 | NOTE | |
r-oldrel-macos-arm64 | 2.0.2 | 52.00 | OK | |||
r-oldrel-macos-x86_64 | 2.0.2 | 85.00 | OK | |||
r-oldrel-windows-x86_64 | 2.0.2 | 18.00 | 119.00 | 137.00 | OK |
Version: 2.0.2
Check: Rd files
Result: NOTE
checkRd: (-1) complete.specimens.Rd:34: Lost braces
34 | \code{\link{align.missing}},code{\link{MissingGeoMorph}}
| ^
checkRd: (-1) missing.specimens.Rd:37: Lost braces
37 | \code{\link{align.missing}}, \{code{\link{MissingGeoMorph}}
| ^
Flavors: r-devel-linux-x86_64-debian-clang, r-devel-linux-x86_64-debian-gcc, r-devel-linux-x86_64-fedora-clang, r-devel-linux-x86_64-fedora-gcc, r-devel-windows-x86_64, r-patched-linux-x86_64, r-release-linux-x86_64, r-release-macos-arm64, r-release-windows-x86_64