Last updated on 2025-05-25 20:50:13 CEST.
Flavor | Version | Tinstall | Tcheck | Ttotal | Status | Flags |
---|---|---|---|---|---|---|
r-devel-linux-x86_64-debian-clang | 1.1.3 | 35.56 | 60.51 | 96.07 | OK | |
r-devel-linux-x86_64-debian-gcc | 1.1.3 | 25.09 | 45.53 | 70.62 | OK | |
r-devel-linux-x86_64-fedora-clang | 1.1.3 | 169.10 | OK | |||
r-devel-linux-x86_64-fedora-gcc | 1.1.3 | 182.17 | OK | |||
r-devel-windows-x86_64 | 1.1.3 | 42.00 | 96.00 | 138.00 | OK | |
r-patched-linux-x86_64 | 1.1.3 | 36.06 | 60.82 | 96.88 | OK | |
r-release-linux-x86_64 | 1.1.3 | 35.12 | 60.68 | 95.80 | OK | |
r-release-macos-arm64 | 1.1.3 | 59.00 | OK | |||
r-release-macos-x86_64 | 1.1.3 | 104.00 | OK | |||
r-release-windows-x86_64 | 1.1.3 | 40.00 | 94.00 | 134.00 | OK | |
r-oldrel-macos-arm64 | 1.1.3 | 50.00 | NOTE | |||
r-oldrel-macos-x86_64 | 1.1.3 | 83.00 | NOTE | |||
r-oldrel-windows-x86_64 | 1.1.3 | 48.00 | 116.00 | 164.00 | OK |
Version: 1.1.3
Check: installed package size
Result: NOTE
installed size is 8.0Mb
sub-directories of 1Mb or more:
libs 7.6Mb
Flavors: r-oldrel-macos-arm64, r-oldrel-macos-x86_64