Last updated on 2025-05-22 23:52:18 CEST.
Flavor | Version | Tinstall | Tcheck | Ttotal | Status | Flags |
---|---|---|---|---|---|---|
r-devel-linux-x86_64-debian-clang | 2.1.0 | 165.30 | 145.09 | 310.39 | NOTE | |
r-devel-linux-x86_64-debian-gcc | 2.1.0 | 125.87 | 104.79 | 230.66 | NOTE | |
r-devel-linux-x86_64-fedora-clang | 2.1.0 | 555.96 | NOTE | |||
r-devel-linux-x86_64-fedora-gcc | 2.1.0 | 617.37 | NOTE | |||
r-devel-windows-x86_64 | 2.1.0 | 194.00 | 169.00 | 363.00 | NOTE | |
r-patched-linux-x86_64 | 2.1.0 | 170.18 | 140.04 | 310.22 | NOTE | |
r-release-linux-x86_64 | 2.1.0 | 169.21 | 139.63 | 308.84 | NOTE | |
r-release-macos-arm64 | 2.1.0 | 151.00 | NOTE | |||
r-release-macos-x86_64 | 2.1.0 | 189.00 | NOTE | |||
r-release-windows-x86_64 | 2.1.0 | 196.00 | 166.00 | 362.00 | NOTE | |
r-oldrel-macos-arm64 | 2.1.0 | 136.00 | NOTE | |||
r-oldrel-macos-x86_64 | 2.1.0 | 162.00 | NOTE | |||
r-oldrel-windows-x86_64 | 2.1.0 | 225.00 | 217.00 | 442.00 | NOTE |
Version: 2.1.0
Check: Rd files
Result: NOTE
checkRd: (-1) GenSyntheticLogistic.Rd:46: Lost braces; missing escapes or markup?
46 | 3) Every coordinate yi of the outcome vector y exists in {-1, 1}^n is sampled
| ^
checkRd: (-1) L0Learn-package.Rd:20: Lost braces in \itemize; meant \describe ?
checkRd: (-1) L0Learn-package.Rd:21: Lost braces in \itemize; meant \describe ?
checkRd: (-1) L0Learn-package.Rd:22: Lost braces in \itemize; meant \describe ?
checkRd: (-1) L0Learn-package.Rd:23: Lost braces in \itemize; meant \describe ?
checkRd: (-1) L0Learn-package.Rd:24: Lost braces in \itemize; meant \describe ?
checkRd: (-1) L0Learn-package.Rd:25: Lost braces in \itemize; meant \describe ?
Flavors: r-devel-linux-x86_64-debian-clang, r-devel-linux-x86_64-debian-gcc, r-devel-linux-x86_64-fedora-clang, r-devel-linux-x86_64-fedora-gcc, r-devel-windows-x86_64, r-patched-linux-x86_64, r-release-linux-x86_64, r-release-macos-arm64, r-release-macos-x86_64, r-release-windows-x86_64, r-oldrel-macos-arm64, r-oldrel-macos-x86_64, r-oldrel-windows-x86_64
Version: 2.1.0
Check: installed package size
Result: NOTE
installed size is 13.0Mb
sub-directories of 1Mb or more:
doc 2.4Mb
libs 10.4Mb
Flavors: r-oldrel-macos-arm64, r-oldrel-macos-x86_64