CRAN Package Check Results for Package KernelKnn

Last updated on 2025-07-25 22:50:46 CEST.

Flavor Version Tinstall Tcheck Ttotal Status Flags
r-devel-linux-x86_64-debian-clang 1.1.5 22.85 73.08 95.93 NOTE
r-devel-linux-x86_64-debian-gcc 1.1.5 18.80 50.18 68.98 NOTE
r-devel-linux-x86_64-fedora-clang 1.1.5 153.46 NOTE
r-devel-linux-x86_64-fedora-gcc 1.1.5 159.34 NOTE
r-devel-windows-x86_64 1.1.5 32.00 107.00 139.00 NOTE
r-patched-linux-x86_64 1.1.5 25.99 63.86 89.85 NOTE
r-release-linux-x86_64 1.1.5 23.14 64.21 87.35 NOTE
r-release-macos-arm64 1.1.5 63.00 NOTE
r-release-macos-x86_64 1.1.5 103.00 NOTE
r-release-windows-x86_64 1.1.5 30.00 105.00 135.00 NOTE
r-oldrel-macos-arm64 1.1.5 49.00 NOTE
r-oldrel-macos-x86_64 1.1.5 86.00 NOTE
r-oldrel-windows-x86_64 1.1.5 37.00 132.00 169.00 NOTE

Check Details

Version: 1.1.5
Check: C++ specification
Result: NOTE Specified C++11: please drop specification unless essential Flavors: r-devel-linux-x86_64-debian-clang, r-devel-linux-x86_64-debian-gcc, r-devel-linux-x86_64-fedora-clang, r-devel-linux-x86_64-fedora-gcc, r-devel-windows-x86_64, r-patched-linux-x86_64, r-release-linux-x86_64, r-release-macos-arm64, r-release-macos-x86_64, r-release-windows-x86_64, r-oldrel-macos-arm64, r-oldrel-macos-x86_64, r-oldrel-windows-x86_64

Version: 1.1.5
Check: DESCRIPTION meta-information
Result: NOTE Author field differs from that derived from Authors@R Author: ‘Lampros Mouselimis [aut, cre] (<https://orcid.org/0000-0002-8024-1546>), Matthew Parks [ctb] (Github Contributor)’ Authors@R: ‘Lampros Mouselimis [aut, cre] (ORCID: <https://orcid.org/0000-0002-8024-1546>), Matthew Parks [ctb] (Github: Github Contributor)’ Flavors: r-devel-linux-x86_64-debian-clang, r-devel-linux-x86_64-debian-gcc