Last updated on 2025-07-04 02:51:51 CEST.
Flavor | Version | Tinstall | Tcheck | Ttotal | Status | Flags |
---|---|---|---|---|---|---|
r-devel-linux-x86_64-debian-clang | 0.1.1 | 2.94 | 117.75 | 120.69 | NOTE | |
r-devel-linux-x86_64-debian-gcc | 0.1.2 | 1.95 | 74.45 | 76.40 | OK | |
r-devel-linux-x86_64-fedora-clang | 0.1.2 | 193.60 | OK | |||
r-devel-linux-x86_64-fedora-gcc | 0.1.2 | 195.21 | OK | |||
r-devel-windows-x86_64 | 0.1.2 | 3.00 | 147.00 | 150.00 | OK | |
r-patched-linux-x86_64 | 0.1.1 | 2.88 | 109.11 | 111.99 | OK | |
r-release-linux-x86_64 | 0.1.1 | 2.75 | 109.26 | 112.01 | OK | |
r-release-macos-arm64 | 0.1.1 | 103.00 | OK | |||
r-release-macos-x86_64 | 0.1.2 | 124.00 | OK | |||
r-release-windows-x86_64 | 0.1.2 | 3.00 | 141.00 | 144.00 | OK | |
r-oldrel-macos-arm64 | 0.1.1 | 53.00 | OK | |||
r-oldrel-macos-x86_64 | 0.1.2 | 119.00 | OK | |||
r-oldrel-windows-x86_64 | 0.1.1 | 6.00 | 168.00 | 174.00 | OK |
Version: 0.1.1
Check: CRAN incoming feasibility
Result: NOTE
Maintainer: ‘Maximilian Maier <maximilianmaier0401@gmail.com>’
Package CITATION file contains call(s) to old-style citEntry(). Please
use bibentry() instead.
Flavor: r-devel-linux-x86_64-debian-clang