Last updated on 2024-05-02 07:10:52 CEST.
Flavor | Version | Tinstall | Tcheck | Ttotal | Status | Flags |
---|---|---|---|---|---|---|
r-devel-linux-x86_64-debian-clang | 0.8-85 | 171.13 | 267.40 | 438.53 | NOTE | |
r-devel-linux-x86_64-debian-gcc | 0.8-85 | 137.13 | 186.14 | 323.27 | NOTE | |
r-devel-linux-x86_64-fedora-clang | 0.8-85 | 569.77 | NOTE | |||
r-devel-linux-x86_64-fedora-gcc | 0.8-85 | 565.43 | NOTE | |||
r-devel-windows-x86_64 | 0.8-85 | 118.00 | 193.00 | 311.00 | NOTE | |
r-patched-linux-x86_64 | 0.8-85 | 126.22 | 253.32 | 379.54 | NOTE | |
r-release-linux-x86_64 | 0.8-85 | 128.08 | 245.57 | 373.65 | NOTE | |
r-release-macos-arm64 | 0.8-85 | 112.00 | NOTE | |||
r-release-windows-x86_64 | 0.8-85 | 123.00 | 193.00 | 316.00 | NOTE | |
r-oldrel-macos-arm64 | 0.8-85 | 122.00 | NOTE | |||
r-oldrel-macos-x86_64 | 0.8-85 | 207.00 | NOTE | |||
r-oldrel-windows-x86_64 | 0.8-85 | 156.00 | 242.00 | 398.00 | NOTE |
Version: 0.8-85
Check: C++ specification
Result: NOTE
Specified C++11: please drop specification unless essential
Flavors: r-devel-linux-x86_64-debian-clang, r-devel-linux-x86_64-debian-gcc, r-devel-linux-x86_64-fedora-clang, r-devel-linux-x86_64-fedora-gcc, r-devel-windows-x86_64, r-patched-linux-x86_64, r-release-linux-x86_64, r-release-macos-arm64, r-release-windows-x86_64, r-oldrel-macos-arm64, r-oldrel-macos-x86_64, r-oldrel-windows-x86_64
Version: 0.8-85
Check: installed package size
Result: NOTE
installed size is 8.3Mb
sub-directories of 1Mb or more:
libs 7.2Mb
Flavors: r-release-macos-arm64, r-oldrel-macos-arm64, r-oldrel-macos-x86_64