CRAN Package Check Results for Package JMI

Last updated on 2025-05-06 02:50:22 CEST.

Flavor Version Tinstall Tcheck Ttotal Status Flags
r-devel-linux-x86_64-debian-clang 0.1.0 19.29 21.39 40.68 NOTE
r-devel-linux-x86_64-debian-gcc 0.1.0 15.26 17.27 32.53 NOTE
r-devel-linux-x86_64-fedora-clang 0.1.0 84.85 OK
r-devel-linux-x86_64-fedora-gcc 0.1.0 80.57 OK
r-devel-windows-x86_64 0.1.0 26.00 57.00 83.00 OK
r-patched-linux-x86_64 0.1.0 20.76 20.69 41.45 OK
r-release-linux-x86_64 0.1.0 23.33 21.12 44.45 OK
r-release-macos-arm64 0.1.0 24.00 OK
r-release-macos-x86_64 0.1.0 50.00 OK
r-release-windows-x86_64 0.1.0 27.00 62.00 89.00 OK
r-oldrel-macos-arm64 0.1.0 23.00 NOTE
r-oldrel-macos-x86_64 0.1.0 41.00 NOTE
r-oldrel-windows-x86_64 0.1.0 30.00 69.00 99.00 NOTE

Check Details

Version: 0.1.0
Check: CRAN incoming feasibility
Result: NOTE Maintainer: ‘Zeng Xianli <a0123862@u.nus.edu>’ No Authors@R field in DESCRIPTION. Please add one, modifying Authors@R: c(person(given = "Zeng", family = "Xianli", role = c("aut", "cre"), email = "a0123862@u.nus.edu"), person(given = "Hang", family = "Weiqiang", role = "aut", email = "e0010758@u.nus.edu")) as necessary. Flavors: r-devel-linux-x86_64-debian-clang, r-devel-linux-x86_64-debian-gcc

Version: 0.1.0
Check: LazyData
Result: NOTE 'LazyData' is specified without a 'data' directory Flavors: r-oldrel-macos-arm64, r-oldrel-macos-x86_64, r-oldrel-windows-x86_64