Last updated on 2024-05-21 15:50:27 CEST.
Flavor | Version | Tinstall | Tcheck | Ttotal | Status | Flags |
---|---|---|---|---|---|---|
r-devel-linux-x86_64-debian-clang | 0.1.0 | 8.26 | 83.21 | 91.47 | NOTE | |
r-devel-linux-x86_64-debian-gcc | 0.1.0 | 6.64 | 60.07 | 66.71 | NOTE | |
r-devel-linux-x86_64-fedora-clang | 0.1.0 | 109.62 | NOTE | |||
r-devel-linux-x86_64-fedora-gcc | 0.1.0 | 112.67 | NOTE | |||
r-devel-windows-x86_64 | 0.1.0 | 7.00 | 70.00 | 77.00 | NOTE | |
r-patched-linux-x86_64 | 0.1.0 | 8.47 | 79.67 | 88.14 | NOTE | |
r-release-linux-x86_64 | 0.1.0 | 9.05 | 80.27 | 89.32 | NOTE | |
r-release-macos-arm64 | 0.1.0 | 35.00 | NOTE | |||
r-release-windows-x86_64 | 0.1.0 | 6.00 | 76.00 | 82.00 | NOTE | |
r-oldrel-macos-arm64 | 0.1.0 | 38.00 | NOTE | |||
r-oldrel-macos-x86_64 | 0.1.0 | 48.00 | NOTE | |||
r-oldrel-windows-x86_64 | 0.1.0 | 6.00 | 72.00 | 78.00 | NOTE |
Version: 0.1.0
Check: LazyData
Result: NOTE
'LazyData' is specified without a 'data' directory
Flavors: r-devel-linux-x86_64-debian-clang, r-devel-linux-x86_64-debian-gcc, r-devel-linux-x86_64-fedora-clang, r-devel-linux-x86_64-fedora-gcc, r-devel-windows-x86_64, r-patched-linux-x86_64, r-release-linux-x86_64, r-release-macos-arm64, r-release-windows-x86_64, r-oldrel-macos-arm64, r-oldrel-macos-x86_64, r-oldrel-windows-x86_64