CRAN Package Check Results for Package INTRIGUE

Last updated on 2025-07-03 05:50:33 CEST.

Flavor Version Tinstall Tcheck Ttotal Status Flags
r-devel-linux-x86_64-debian-clang 0.1.0 2.72 26.57 29.29 OK
r-devel-linux-x86_64-debian-gcc 0.1.0 2.02 20.91 22.93 OK
r-devel-linux-x86_64-fedora-clang 0.1.0 43.83 NOTE
r-devel-linux-x86_64-fedora-gcc 0.1.0 42.72 NOTE
r-devel-windows-x86_64 0.1.0 4.00 45.00 49.00 OK
r-patched-linux-x86_64 0.1.0 2.12 24.25 26.37 OK
r-release-linux-x86_64 0.1.0 2.65 24.30 26.95 OK
r-release-macos-arm64 0.1.0 24.00 OK
r-release-macos-x86_64 0.1.0 31.00 OK
r-release-windows-x86_64 0.1.0 4.00 46.00 50.00 OK
r-oldrel-macos-arm64 0.1.0 18.00 OK
r-oldrel-macos-x86_64 0.1.0 28.00 OK
r-oldrel-windows-x86_64 0.1.0 6.00 51.00 57.00 OK

Check Details

Version: 0.1.0
Check: dependencies in R code
Result: NOTE Namespace in Imports field not imported from: ‘dplyr’ All declared Imports should be used. Flavors: r-devel-linux-x86_64-fedora-clang, r-devel-linux-x86_64-fedora-gcc