Last updated on 2025-05-29 01:49:32 CEST.
Flavor | Version | Tinstall | Tcheck | Ttotal | Status | Flags |
---|---|---|---|---|---|---|
r-devel-linux-x86_64-debian-clang | 1.2.2 | 5.90 | 35.92 | 41.82 | OK | |
r-devel-linux-x86_64-debian-gcc | 1.2.2 | 4.04 | 27.85 | 31.89 | OK | |
r-devel-linux-x86_64-fedora-clang | 1.2.2 | 60.46 | OK | |||
r-devel-linux-x86_64-fedora-gcc | 1.2.2 | 63.42 | OK | |||
r-devel-windows-x86_64 | 1.2.2 | 8.00 | 59.00 | 67.00 | OK | |
r-patched-linux-x86_64 | 1.2.2 | 6.58 | 32.95 | 39.53 | OK | |
r-release-linux-x86_64 | 1.2.2 | 5.89 | 33.35 | 39.24 | OK | |
r-release-macos-arm64 | 1.2.2 | 26.00 | OK | |||
r-release-macos-x86_64 | 1.2.2 | 41.00 | OK | |||
r-release-windows-x86_64 | 1.2.2 | 7.00 | 58.00 | 65.00 | OK | |
r-oldrel-macos-arm64 | 1.2.2 | 27.00 | NOTE | |||
r-oldrel-macos-x86_64 | 1.2.2 | 36.00 | NOTE | |||
r-oldrel-windows-x86_64 | 1.2.2 | 10.00 | 67.00 | 77.00 | OK |
Version: 1.2.2
Check: installed package size
Result: NOTE
installed size is 5.8Mb
sub-directories of 1Mb or more:
data 5.5Mb
Flavors: r-oldrel-macos-arm64, r-oldrel-macos-x86_64