CRAN Package Check Results for Package ILS

Last updated on 2025-07-24 05:49:15 CEST.

Flavor Version Tinstall Tcheck Ttotal Status Flags
r-devel-linux-x86_64-debian-clang 0.3 10.18 79.85 90.03 NOTE
r-devel-linux-x86_64-debian-gcc 0.3 7.80 58.39 66.19 NOTE
r-devel-linux-x86_64-fedora-clang 0.3 136.70 NOTE
r-devel-linux-x86_64-fedora-gcc 0.3 124.78 NOTE
r-devel-windows-x86_64 0.3 12.00 92.00 104.00 NOTE
r-patched-linux-x86_64 0.3 8.17 76.16 84.33 NOTE
r-release-linux-x86_64 0.3 9.17 76.39 85.56 NOTE
r-release-macos-arm64 0.3 46.00 NOTE
r-release-macos-x86_64 0.3 77.00 NOTE
r-release-windows-x86_64 0.3 12.00 92.00 104.00 NOTE
r-oldrel-macos-arm64 0.3 42.00 NOTE
r-oldrel-macos-x86_64 0.3 59.00 NOTE
r-oldrel-windows-x86_64 0.3 14.00 116.00 130.00 NOTE

Check Details

Version: 0.3
Check: Rd files
Result: NOTE checkRd: (-1) lab.qcs.Rd:24: Lost braces 24 | It develops an object of \code{lab.qcs}-code{link{class}} to perform statistical quality control. | ^ checkRd: (-1) lab.qcs.Rd:24: Lost braces 24 | It develops an object of \code{lab.qcs}-code{link{class}} to perform statistical quality control. | ^ Flavors: r-devel-linux-x86_64-debian-clang, r-devel-linux-x86_64-debian-gcc, r-devel-linux-x86_64-fedora-clang, r-devel-linux-x86_64-fedora-gcc, r-devel-windows-x86_64, r-patched-linux-x86_64, r-release-linux-x86_64, r-release-macos-arm64, r-release-macos-x86_64, r-release-windows-x86_64, r-oldrel-macos-arm64, r-oldrel-macos-x86_64, r-oldrel-windows-x86_64