Last updated on 2025-07-03 05:50:32 CEST.
Flavor | Version | Tinstall | Tcheck | Ttotal | Status | Flags |
---|---|---|---|---|---|---|
r-devel-linux-x86_64-debian-clang | 4.0.3 | 19.40 | 42.27 | 61.67 | NOTE | |
r-devel-linux-x86_64-debian-gcc | 4.0.3 | 13.34 | 32.35 | 45.69 | NOTE | |
r-devel-linux-x86_64-fedora-clang | 4.0.3 | 99.30 | OK | |||
r-devel-linux-x86_64-fedora-gcc | 4.0.3 | 107.24 | OK | |||
r-devel-windows-x86_64 | 4.0.3 | 23.00 | 82.00 | 105.00 | OK | |
r-patched-linux-x86_64 | 4.0.3 | 17.09 | 39.52 | 56.61 | OK | |
r-release-linux-x86_64 | 4.0.3 | 19.70 | 39.43 | 59.13 | OK | |
r-release-macos-arm64 | 4.0.3 | 40.00 | OK | |||
r-release-macos-x86_64 | 4.0.3 | 80.00 | OK | |||
r-release-windows-x86_64 | 4.0.3 | 24.00 | 83.00 | 107.00 | OK | |
r-oldrel-macos-arm64 | 4.0.3 | 55.00 | OK | |||
r-oldrel-macos-x86_64 | 4.0.3 | 143.00 | OK | |||
r-oldrel-windows-x86_64 | 4.0.3 | 26.00 | 105.00 | 131.00 | OK |
Version: 4.0.3
Check: CRAN incoming feasibility
Result: NOTE
Maintainer: ‘Stéphane Laurent <laurent_step@outlook.fr>’
No Authors@R field in DESCRIPTION.
Please add one, modifying
Authors@R: person(given = "Stéphane",
family = "Laurent",
role = c("aut", "cre"),
email = "laurent_step@outlook.fr")
as necessary.
Flavors: r-devel-linux-x86_64-debian-clang, r-devel-linux-x86_64-debian-gcc