Last updated on 2025-05-23 18:50:30 CEST.
Flavor | Version | Tinstall | Tcheck | Ttotal | Status | Flags |
---|---|---|---|---|---|---|
r-devel-linux-x86_64-debian-clang | 0.1-3 | 1.64 | 16.50 | 18.14 | NOTE | |
r-devel-linux-x86_64-debian-gcc | 0.1-3 | 1.32 | 13.98 | 15.30 | NOTE | |
r-devel-linux-x86_64-fedora-clang | 0.1-3 | 27.33 | OK | |||
r-devel-linux-x86_64-fedora-gcc | 0.1-3 | 26.76 | OK | |||
r-devel-windows-x86_64 | 0.1-3 | 2.00 | 35.00 | 37.00 | OK | |
r-patched-linux-x86_64 | 0.1-3 | 1.45 | 15.84 | 17.29 | OK | |
r-release-linux-x86_64 | 0.1-3 | 1.27 | 15.96 | 17.23 | OK | |
r-release-macos-arm64 | 0.1-3 | 13.00 | OK | |||
r-release-macos-x86_64 | 0.1-3 | 20.00 | OK | |||
r-release-windows-x86_64 | 0.1-3 | 2.00 | 35.00 | 37.00 | OK | |
r-oldrel-macos-arm64 | 0.1-3 | 12.00 | OK | |||
r-oldrel-macos-x86_64 | 0.1-3 | 18.00 | OK | |||
r-oldrel-windows-x86_64 | 0.1-3 | 3.00 | 34.00 | 37.00 | OK |
Version: 0.1-3
Check: CRAN incoming feasibility
Result: NOTE
Maintainer: ‘Lawrence Hudson <quicklizard@googlemail.com>’
No Authors@R field in DESCRIPTION.
Please add one, modifying
Authors@R: person(given = "Lawrence",
family = "Hudson",
role = c("aut", "cre"),
email = "quicklizard@googlemail.com")
as necessary.
Flavors: r-devel-linux-x86_64-debian-clang, r-devel-linux-x86_64-debian-gcc