Last updated on 2025-10-31 15:48:40 CET.
| Flavor | Version | Tinstall | Tcheck | Ttotal | Status | Flags | 
|---|---|---|---|---|---|---|
| r-devel-linux-x86_64-debian-clang | 0.8 | 2.57 | 27.96 | 30.53 | NOTE | |
| r-devel-linux-x86_64-debian-gcc | 0.8 | 1.84 | 22.86 | 24.70 | NOTE | |
| r-devel-linux-x86_64-fedora-clang | 0.8 | 44.11 | OK | |||
| r-devel-linux-x86_64-fedora-gcc | 0.8 | 56.86 | OK | |||
| r-devel-windows-x86_64 | 0.8 | 3.00 | 46.00 | 49.00 | OK | |
| r-patched-linux-x86_64 | 0.8 | 2.64 | 26.28 | 28.92 | OK | |
| r-release-linux-x86_64 | 0.8 | 2.29 | 26.40 | 28.69 | OK | |
| r-release-macos-arm64 | 0.8 | 1.00 | 24.00 | 25.00 | OK | |
| r-release-macos-x86_64 | 0.8 | 2.00 | 39.00 | 41.00 | OK | |
| r-release-windows-x86_64 | 0.8 | 5.00 | 48.00 | 53.00 | OK | |
| r-oldrel-macos-arm64 | 0.8 | 1.00 | 23.00 | 24.00 | OK | |
| r-oldrel-macos-x86_64 | 0.8 | 2.00 | 34.00 | 36.00 | OK | |
| r-oldrel-windows-x86_64 | 0.8 | 4.00 | 55.00 | 59.00 | OK | 
Version: 0.8
Check: CRAN incoming feasibility
Result: NOTE
  Maintainer: ‘Ryan C. Graebner <ryan.graebner@gmail.com>’
  
  No Authors@R field in DESCRIPTION.
  Please add one, modifying
    Authors@R: c(person(given = c("Ryan", "C."),
                        family = "Graebner",
                        role = c("aut", "cre"),
                        email = "ryan.graebner@gmail.com"),
                 person(given = "Alfonso",
                        family = "Cuesta-Marcos",
                        role = "aut"))
  as necessary.
Flavors: r-devel-linux-x86_64-debian-clang, r-devel-linux-x86_64-debian-gcc