CRAN Package Check Results for Package GeneralisedCovarianceMeasure

Last updated on 2025-07-25 22:50:44 CEST.

Flavor Version Tinstall Tcheck Ttotal Status Flags
r-devel-linux-x86_64-debian-clang 0.2.0 9.64 73.22 82.86 NOTE
r-devel-linux-x86_64-debian-gcc 0.2.0 6.02 54.49 60.51 NOTE
r-devel-linux-x86_64-fedora-clang 0.2.0 119.94 OK
r-devel-linux-x86_64-fedora-gcc 0.2.0 116.69 OK
r-devel-windows-x86_64 0.2.0 10.00 84.00 94.00 OK
r-patched-linux-x86_64 0.2.0 7.33 68.90 76.23 OK
r-release-linux-x86_64 0.2.0 8.92 69.39 78.31 OK
r-release-macos-arm64 0.2.0 42.00 OK
r-release-macos-x86_64 0.2.0 72.00 OK
r-release-windows-x86_64 0.2.0 10.00 83.00 93.00 OK
r-oldrel-macos-arm64 0.2.0 36.00 OK
r-oldrel-macos-x86_64 0.2.0 55.00 OK
r-oldrel-windows-x86_64 0.2.0 12.00 98.00 110.00 OK

Check Details

Version: 0.2.0
Check: CRAN incoming feasibility
Result: NOTE Maintainer: ‘Jonas Peters <jonas.peters@math.ku.dk>’ No Authors@R field in DESCRIPTION. Please add one, modifying Authors@R: c(person(given = "Jonas", family = "Peters", role = c("aut", "cre"), email = "jonas.peters@math.ku.dk"), person(given = c("Rajen", "D."), family = "Shah", role = "aut")) as necessary. Flavors: r-devel-linux-x86_64-debian-clang, r-devel-linux-x86_64-debian-gcc