CRAN Package Check Results for Package GenTag

Last updated on 2025-05-23 10:49:19 CEST.

Flavor Version Tinstall Tcheck Ttotal Status Flags
r-devel-linux-x86_64-debian-clang 1.0 2.30 20.88 23.18 NOTE
r-devel-linux-x86_64-debian-gcc 1.0 1.68 16.74 18.42 NOTE
r-devel-linux-x86_64-fedora-clang 1.0 35.66 OK
r-devel-linux-x86_64-fedora-gcc 1.0 33.92 OK
r-devel-windows-x86_64 1.0 4.00 40.00 44.00 OK
r-patched-linux-x86_64 1.0 2.29 20.11 22.40 OK
r-release-linux-x86_64 1.0 2.13 20.43 22.56 OK
r-release-macos-arm64 1.0 15.00 OK
r-release-macos-x86_64 1.0 26.00 OK
r-release-windows-x86_64 1.0 4.00 40.00 44.00 OK
r-oldrel-macos-arm64 1.0 16.00 OK
r-oldrel-macos-x86_64 1.0 26.00 OK
r-oldrel-windows-x86_64 1.0 4.00 41.00 45.00 OK

Check Details

Version: 1.0
Check: CRAN incoming feasibility
Result: NOTE Maintainer: ‘Carlos Biagolini-Jr.<c.biagolini@gmail.com>’ No Authors@R field in DESCRIPTION. Please add one, modifying Authors@R: person(given = "Carlos", family = "Biagolini-Jr.", role = c("aut", "cre"), email = "c.biagolini@gmail.com") as necessary. Flavors: r-devel-linux-x86_64-debian-clang, r-devel-linux-x86_64-debian-gcc