Last updated on 2025-10-31 18:51:06 CET.
| Flavor | Version | Tinstall | Tcheck | Ttotal | Status | Flags | 
|---|---|---|---|---|---|---|
| r-devel-linux-x86_64-debian-clang | 0.1 | 27.77 | 22.90 | 50.67 | OK | |
| r-devel-linux-x86_64-debian-gcc | 0.1 | 20.42 | 19.73 | 40.15 | OK | |
| r-devel-linux-x86_64-fedora-clang | 0.1 | 80.00 | 14.93 | 94.93 | OK | |
| r-devel-linux-x86_64-fedora-gcc | 0.1 | 60.00 | 30.32 | 90.32 | OK | |
| r-devel-windows-x86_64 | 0.1 | 38.00 | 57.00 | 95.00 | OK | |
| r-patched-linux-x86_64 | 0.1 | 34.03 | 22.94 | 56.97 | OK | |
| r-release-linux-x86_64 | 0.1 | 30.08 | 22.83 | 52.91 | OK | |
| r-release-macos-arm64 | 0.1 | 13.00 | 15.00 | 28.00 | OK | |
| r-release-macos-x86_64 | 0.1 | 14.00 | 22.00 | 36.00 | OK | |
| r-release-windows-x86_64 | 0.1 | 37.00 | 62.00 | 99.00 | OK | |
| r-oldrel-macos-arm64 | 0.1 | 14.00 | 15.00 | 29.00 | NOTE | |
| r-oldrel-macos-x86_64 | 0.1 | 13.00 | 20.00 | 33.00 | NOTE | |
| r-oldrel-windows-x86_64 | 0.1 | 44.00 | 67.00 | 111.00 | OK | 
Version: 0.1
Check: installed package size
Result: NOTE
    installed size is  7.4Mb
    sub-directories of 1Mb or more:
      libs   7.3Mb
Flavors: r-oldrel-macos-arm64, r-oldrel-macos-x86_64