CRAN Package Check Results for Package FuzzyNumbers.Ext.2

Last updated on 2025-10-01 01:49:07 CEST.

Flavor Version Tinstall Tcheck Ttotal Status Flags
r-devel-linux-x86_64-debian-clang 3.2 1.99 31.10 33.09 NOTE
r-devel-linux-x86_64-debian-gcc 3.2 1.91 24.05 25.96 NOTE
r-devel-linux-x86_64-fedora-clang 3.2 50.77 OK
r-devel-linux-x86_64-fedora-gcc 3.2 46.58 OK
r-devel-windows-x86_64 3.2 3.00 49.00 52.00 OK
r-patched-linux-x86_64 3.2 2.43 29.59 32.02 OK
r-release-linux-x86_64 3.2 2.09 29.45 31.54 OK
r-release-macos-arm64 3.2 21.00 OK
r-release-macos-x86_64 3.2 61.00 OK
r-release-windows-x86_64 3.2 3.00 49.00 52.00 OK
r-oldrel-macos-arm64 3.2 19.00 OK
r-oldrel-macos-x86_64 3.2 33.00 OK
r-oldrel-windows-x86_64 3.2 5.00 57.00 62.00 OK

Check Details

Version: 3.2
Check: CRAN incoming feasibility
Result: NOTE Maintainer: ‘Abbas Parchami <parchami@uk.ac.ir>’ No Authors@R field in DESCRIPTION. Please add one, modifying Authors@R: person(given = "Abbas", family = "Parchami", role = c("aut", "cre"), email = "parchami@uk.ac.ir", comment = "Department of Statistics, Faculty of Mathematics and Computer, Shahid Bahonar University of Kerman, Kerman, Iran") as necessary. Flavors: r-devel-linux-x86_64-debian-clang, r-devel-linux-x86_64-debian-gcc