CRAN Package Check Results for Package FracKrigingR

Last updated on 2025-05-22 15:51:54 CEST.

Flavor Version Tinstall Tcheck Ttotal Status Flags
r-devel-linux-x86_64-debian-clang 1.0.0 1.84 28.21 30.05 OK
r-devel-linux-x86_64-debian-gcc 1.0.0 1.43 19.63 21.06 OK
r-devel-linux-x86_64-fedora-clang 1.0.0 48.38 NOTE
r-devel-linux-x86_64-fedora-gcc 1.0.0 45.66 NOTE
r-devel-windows-x86_64 1.0.0 3.00 47.00 50.00 OK
r-patched-linux-x86_64 1.0.0 1.89 25.46 27.35 OK
r-release-linux-x86_64 1.0.0 1.46 24.86 26.32 OK
r-release-macos-arm64 1.0.0 20.00 OK
r-release-macos-x86_64 1.0.0 35.00 OK
r-release-windows-x86_64 1.0.0 3.00 47.00 50.00 OK
r-oldrel-macos-arm64 1.0.0 17.00 OK
r-oldrel-macos-x86_64 1.0.0 25.00 OK
r-oldrel-windows-x86_64 1.0.0 4.00 53.00 57.00 OK

Check Details

Version: 1.0.0
Check: dependencies in R code
Result: NOTE Namespace in Imports field not imported from: ‘psych’ All declared Imports should be used. Flavors: r-devel-linux-x86_64-fedora-clang, r-devel-linux-x86_64-fedora-gcc