Last updated on 2025-07-04 20:49:13 CEST.
Flavor | Version | Tinstall | Tcheck | Ttotal | Status | Flags |
---|---|---|---|---|---|---|
r-devel-linux-x86_64-debian-clang | 1.3.1 | 3114.21 | 255.55 | 3369.76 | OK | |
r-devel-linux-x86_64-debian-gcc | 1.3.1 | 2280.81 | 390.15 | 2670.96 | OK | |
r-devel-windows-x86_64 | 1.3.1 | 3043.00 | 530.00 | 3573.00 | OK | |
r-patched-linux-x86_64 | 1.3.1 | 3567.65 | 547.61 | 4115.26 | OK | |
r-release-linux-x86_64 | 1.3.1 | 3435.77 | 545.79 | 3981.56 | OK | |
r-release-macos-arm64 | 1.3.1 | 768.00 | OK | |||
r-release-macos-x86_64 | 1.3.1 | 846.00 | OK | |||
r-release-windows-x86_64 | 1.3.1 | 2943.00 | 520.00 | 3463.00 | OK | |
r-oldrel-macos-arm64 | 1.3.1 | 861.00 | NOTE | |||
r-oldrel-macos-x86_64 | 1.3.1 | 874.00 | NOTE | |||
r-oldrel-windows-x86_64 | 1.3.1 | 3666.00 | 630.00 | 4296.00 | NOTE |
Version: 1.3.1
Check: installed package size
Result: NOTE
installed size is 315.7Mb
sub-directories of 1Mb or more:
libs 314.5Mb
Flavors: r-oldrel-macos-arm64, r-oldrel-macos-x86_64, r-oldrel-windows-x86_64
Version: 1.3.1
Check: for GNU extensions in Makefiles
Result: NOTE
GNU make is a SystemRequirements.
Flavors: r-oldrel-macos-arm64, r-oldrel-macos-x86_64, r-oldrel-windows-x86_64