Last updated on 2025-05-22 17:53:33 CEST.
Flavor | Version | Tinstall | Tcheck | Ttotal | Status | Flags |
---|---|---|---|---|---|---|
r-devel-linux-x86_64-debian-clang | 1.1 | 7.87 | 64.41 | 72.28 | NOTE | |
r-devel-linux-x86_64-debian-gcc | 1.1 | 5.66 | 49.33 | 54.99 | NOTE | |
r-devel-linux-x86_64-fedora-clang | 1.1 | 116.64 | NOTE | |||
r-devel-linux-x86_64-fedora-gcc | 1.1 | 105.79 | NOTE | |||
r-devel-windows-x86_64 | 1.1 | 9.00 | 92.00 | 101.00 | NOTE | |
r-patched-linux-x86_64 | 1.1 | 6.22 | 62.36 | 68.58 | NOTE | |
r-release-linux-x86_64 | 1.1 | 7.35 | 61.91 | 69.26 | NOTE | |
r-release-macos-arm64 | 1.1 | 36.00 | NOTE | |||
r-release-macos-x86_64 | 1.1 | 63.00 | NOTE | |||
r-release-windows-x86_64 | 1.1 | 9.00 | 104.00 | 113.00 | NOTE | |
r-oldrel-macos-arm64 | 1.1 | 35.00 | NOTE | |||
r-oldrel-macos-x86_64 | 1.1 | 70.00 | NOTE | |||
r-oldrel-windows-x86_64 | 1.1 | 11.00 | 94.00 | 105.00 | NOTE |
Version: 1.1
Check: Rd files
Result: NOTE
checkRd: (-1) FiSh-package.Rd:19: Lost braces
19 | \doi{10.3389/feart.2020.00255}{Frontiers in Earth Science, 8:255}.
| ^
checkRd: (-1) FiSh-package.Rd:32: Lost braces
32 | \doi{10.3389/feart.2020.00255}{Frontiers in Earth Science, 8:255}.
| ^
checkRd: (-1) SEP_FIM.Rd:46: Lost braces
46 | \doi{10.3389/feart.2020.00255}{Frontiers in Earth Science, 8:255}.
| ^
Flavors: r-devel-linux-x86_64-debian-clang, r-devel-linux-x86_64-debian-gcc, r-devel-linux-x86_64-fedora-clang, r-devel-linux-x86_64-fedora-gcc, r-devel-windows-x86_64, r-patched-linux-x86_64, r-release-linux-x86_64, r-release-macos-arm64, r-release-macos-x86_64, r-release-windows-x86_64, r-oldrel-macos-arm64, r-oldrel-macos-x86_64, r-oldrel-windows-x86_64