Last updated on 2024-05-07 21:48:25 CEST.
Flavor | Version | Tinstall | Tcheck | Ttotal | Status | Flags |
---|---|---|---|---|---|---|
r-devel-linux-x86_64-debian-clang | 2.2.0 | 48.71 | 44.39 | 93.10 | NOTE | |
r-devel-linux-x86_64-debian-gcc | 2.2.0 | 36.31 | 30.60 | 66.91 | NOTE | |
r-devel-linux-x86_64-fedora-clang | 2.2.0 | 127.10 | NOTE | |||
r-devel-linux-x86_64-fedora-gcc | 2.2.0 | 150.73 | NOTE | |||
r-devel-windows-x86_64 | 2.2.0 | 41.00 | 78.00 | 119.00 | NOTE | |
r-patched-linux-x86_64 | 2.2.0 | 48.66 | 55.09 | 103.75 | NOTE | |
r-release-linux-x86_64 | 2.2.0 | 45.55 | 54.77 | 100.32 | NOTE | |
r-release-macos-arm64 | 2.2.0 | 33.00 | NOTE | |||
r-release-windows-x86_64 | 2.2.0 | 39.00 | 78.00 | 117.00 | NOTE | |
r-oldrel-macos-arm64 | 2.2.0 | 41.00 | NOTE | |||
r-oldrel-macos-x86_64 | 2.2.0 | 59.00 | NOTE | |||
r-oldrel-windows-x86_64 | 2.2.0 | 46.00 | 83.00 | 129.00 | NOTE |
Version: 2.2.0
Check: C++ specification
Result: NOTE
Specified C++11: please drop specification unless essential
Flavors: r-devel-linux-x86_64-debian-clang, r-devel-linux-x86_64-debian-gcc, r-devel-linux-x86_64-fedora-clang, r-devel-linux-x86_64-fedora-gcc, r-devel-windows-x86_64, r-patched-linux-x86_64, r-release-linux-x86_64, r-release-macos-arm64, r-release-windows-x86_64, r-oldrel-macos-arm64, r-oldrel-macos-x86_64, r-oldrel-windows-x86_64