Last updated on 2025-05-25 23:49:32 CEST.
Flavor | Version | Tinstall | Tcheck | Ttotal | Status | Flags |
---|---|---|---|---|---|---|
r-devel-linux-x86_64-debian-clang | 0.1.0 | 1.64 | 16.29 | 17.93 | OK | |
r-devel-linux-x86_64-debian-gcc | 0.1.0 | 1.35 | 13.56 | 14.91 | OK | |
r-devel-linux-x86_64-fedora-clang | 0.1.0 | 28.34 | NOTE | |||
r-devel-linux-x86_64-fedora-gcc | 0.1.0 | 28.39 | NOTE | |||
r-devel-windows-x86_64 | 0.1.0 | 4.00 | 36.00 | 40.00 | OK | |
r-patched-linux-x86_64 | 0.1.0 | 1.60 | 15.90 | 17.50 | OK | |
r-release-linux-x86_64 | 0.1.0 | 1.61 | 15.98 | 17.59 | OK | |
r-release-macos-arm64 | 0.1.0 | 17.00 | OK | |||
r-release-macos-x86_64 | 0.1.0 | 31.00 | OK | |||
r-release-windows-x86_64 | 0.1.0 | 5.00 | 37.00 | 42.00 | OK | |
r-oldrel-macos-arm64 | 0.1.0 | 15.00 | OK | |||
r-oldrel-macos-x86_64 | 0.1.0 | 27.00 | OK | |||
r-oldrel-windows-x86_64 | 0.1.0 | 3.00 | 41.00 | 44.00 | OK |
Version: 0.1.0
Check: dependencies in R code
Result: NOTE
Namespace in Imports field not imported from: ‘dplyr’
All declared Imports should be used.
Flavors: r-devel-linux-x86_64-fedora-clang, r-devel-linux-x86_64-fedora-gcc