Last updated on 2025-10-31 22:49:57 CET.
| Flavor | Version | Tinstall | Tcheck | Ttotal | Status | Flags | 
|---|---|---|---|---|---|---|
| r-devel-linux-x86_64-debian-clang | 0.1.0 | 3.81 | 40.72 | 44.53 | OK | |
| r-devel-linux-x86_64-debian-gcc | 0.1.0 | 2.67 | 31.21 | 33.88 | OK | |
| r-devel-linux-x86_64-fedora-clang | 0.1.0 | 31.00 | 45.06 | 76.06 | OK | |
| r-devel-linux-x86_64-fedora-gcc | 0.1.0 | 27.00 | 43.25 | 70.25 | OK | |
| r-devel-windows-x86_64 | 0.1.0 | 6.00 | 57.00 | 63.00 | OK | |
| r-patched-linux-x86_64 | 0.1.0 | 0.32 | 1.73 | 2.05 | ERROR | |
| r-release-linux-x86_64 | 0.1.0 | 3.40 | 39.02 | 42.42 | OK | |
| r-release-macos-arm64 | 0.1.0 | 2.00 | 21.00 | 23.00 | OK | |
| r-release-macos-x86_64 | 0.1.0 | 3.00 | 37.00 | 40.00 | OK | |
| r-release-windows-x86_64 | 0.1.0 | 6.00 | 59.00 | 65.00 | OK | |
| r-oldrel-macos-arm64 | 0.1.0 | 1.00 | 20.00 | 21.00 | OK | |
| r-oldrel-macos-x86_64 | 0.1.0 | 3.00 | 30.00 | 33.00 | OK | |
| r-oldrel-windows-x86_64 | 0.1.0 | 7.00 | 69.00 | 76.00 | OK | 
Version: 0.1.0
Check: package dependencies
Result: ERROR
  Package required but not available: ‘DESeq2’
  
  See section ‘The DESCRIPTION file’ in the ‘Writing R Extensions’
  manual.
Flavor: r-patched-linux-x86_64