Last updated on 2024-05-13 09:50:43 CEST.
Flavor | Version | Tinstall | Tcheck | Ttotal | Status | Flags |
---|---|---|---|---|---|---|
r-devel-linux-x86_64-debian-clang | 0.3.1 | 13.82 | 118.60 | 132.42 | NOTE | |
r-devel-linux-x86_64-debian-gcc | 0.3.1 | 12.21 | 85.40 | 97.61 | NOTE | |
r-devel-linux-x86_64-fedora-clang | 0.3.1 | 167.66 | NOTE | |||
r-devel-linux-x86_64-fedora-gcc | 0.3.1 | 152.28 | NOTE | |||
r-devel-windows-x86_64 | 0.3.1 | 14.00 | 92.00 | 106.00 | NOTE | |
r-patched-linux-x86_64 | 0.3.1 | 10.43 | 111.17 | 121.60 | NOTE | |
r-release-linux-x86_64 | 0.3.1 | 9.65 | 111.38 | 121.03 | NOTE | |
r-release-macos-arm64 | 0.3.1 | 49.00 | NOTE | |||
r-release-windows-x86_64 | 0.3.1 | 14.00 | 95.00 | 109.00 | NOTE | |
r-oldrel-macos-arm64 | 0.3.1 | 45.00 | NOTE | |||
r-oldrel-macos-x86_64 | 0.3.1 | 83.00 | NOTE | |||
r-oldrel-windows-x86_64 | 0.3.1 | 18.00 | 119.00 | 137.00 | NOTE |
Version: 0.3.1
Check: LazyData
Result: NOTE
'LazyData' is specified without a 'data' directory
Flavors: r-devel-linux-x86_64-debian-clang, r-devel-linux-x86_64-debian-gcc, r-devel-linux-x86_64-fedora-clang, r-devel-linux-x86_64-fedora-gcc, r-devel-windows-x86_64, r-patched-linux-x86_64, r-release-linux-x86_64, r-release-macos-arm64, r-release-windows-x86_64, r-oldrel-macos-arm64, r-oldrel-macos-x86_64, r-oldrel-windows-x86_64