Last updated on 2024-05-11 15:49:04 CEST.
Flavor | Version | Tinstall | Tcheck | Ttotal | Status | Flags |
---|---|---|---|---|---|---|
r-devel-linux-x86_64-debian-clang | 1.5.2 | 14.13 | 296.42 | 310.55 | OK | |
r-devel-linux-x86_64-debian-gcc | 1.5.2 | 10.70 | 206.19 | 216.89 | OK | |
r-devel-linux-x86_64-fedora-clang | 1.5.2 | 369.21 | NOTE | |||
r-devel-linux-x86_64-fedora-gcc | 1.5.2 | 372.17 | OK | |||
r-devel-windows-x86_64 | 1.5.2 | 14.00 | 346.00 | 360.00 | OK | |
r-patched-linux-x86_64 | 1.5.2 | 14.68 | 278.55 | 293.23 | OK | |
r-release-linux-x86_64 | 1.5.2 | 12.96 | 275.11 | 288.07 | OK | |
r-release-macos-arm64 | 1.5.2 | 105.00 | OK | |||
r-release-windows-x86_64 | 1.5.2 | 14.00 | 337.00 | 351.00 | OK | |
r-oldrel-macos-arm64 | 1.5.2 | 170.00 | OK | |||
r-oldrel-macos-x86_64 | 1.5.2 | 353.00 | OK | |||
r-oldrel-windows-x86_64 | 1.5.2 | 18.00 | 354.00 | 372.00 | OK |
Version: 1.5.2
Check: installed package size
Result: NOTE
installed size is 5.7Mb
sub-directories of 1Mb or more:
libs 4.8Mb
Flavor: r-devel-linux-x86_64-fedora-clang