Last updated on 2024-05-05 22:53:09 CEST.
Flavor | Version | Tinstall | Tcheck | Ttotal | Status | Flags |
---|---|---|---|---|---|---|
r-devel-linux-x86_64-debian-clang | 1.0.2 | 16.63 | 109.30 | 125.93 | NOTE | |
r-devel-linux-x86_64-debian-gcc | 1.0.2 | 11.44 | 79.09 | 90.53 | NOTE | |
r-devel-linux-x86_64-fedora-clang | 1.0.2 | 150.83 | NOTE | |||
r-devel-linux-x86_64-fedora-gcc | 1.0.2 | 149.35 | NOTE | |||
r-devel-windows-x86_64 | 1.0.2 | 13.00 | 94.00 | 107.00 | NOTE | |
r-patched-linux-x86_64 | 1.0.2 | 12.21 | 102.31 | 114.52 | NOTE | |
r-release-linux-x86_64 | 1.0.2 | 11.33 | 100.93 | 112.26 | NOTE | |
r-release-macos-arm64 | 1.0.2 | 44.00 | NOTE | |||
r-release-windows-x86_64 | 1.0.2 | 13.00 | 95.00 | 108.00 | NOTE | |
r-oldrel-macos-arm64 | 1.0.2 | 50.00 | OK | |||
r-oldrel-macos-x86_64 | 1.0.2 | 79.00 | OK | |||
r-oldrel-windows-x86_64 | 1.0.2 | 15.00 | 121.00 | 136.00 | OK |
Version: 1.0.2
Check: Rd files
Result: NOTE
checkRd: (-1) ALL.Regression.Config-class.Rd:39: Lost braces
39 | \item{code{shrinkage}:}{Object of class \code{"numeric"}, defining the shrinkage parameter applied to each tree in expansion.}
| ^
Flavors: r-devel-linux-x86_64-debian-clang, r-devel-linux-x86_64-debian-gcc, r-devel-linux-x86_64-fedora-clang, r-devel-linux-x86_64-fedora-gcc, r-devel-windows-x86_64, r-patched-linux-x86_64, r-release-linux-x86_64, r-release-macos-arm64, r-release-windows-x86_64