CRAN Package Check Results for Package ETASbootstrap

Last updated on 2025-07-28 19:50:37 CEST.

Flavor Version Tinstall Tcheck Ttotal Status Flags
r-devel-linux-x86_64-debian-clang 0.2.0 2.60 115.34 117.94 NOTE
r-devel-linux-x86_64-debian-gcc 0.2.0 1.75 98.48 100.23 NOTE
r-devel-linux-x86_64-fedora-clang 0.2.0 231.35 OK
r-devel-linux-x86_64-fedora-gcc 0.2.0 256.15 OK
r-devel-windows-x86_64 0.2.0 5.00 306.00 311.00 NOTE
r-patched-linux-x86_64 0.2.0 2.49 128.13 130.62 NOTE
r-release-linux-x86_64 0.2.0 2.64 127.94 130.58 NOTE
r-release-macos-arm64 0.2.0 77.00 OK
r-release-macos-x86_64 0.2.0 161.00 OK
r-release-windows-x86_64 0.2.0 5.00 302.00 307.00 NOTE
r-oldrel-macos-arm64 0.2.0 60.00 OK
r-oldrel-macos-x86_64 0.2.0 160.00 OK
r-oldrel-windows-x86_64 0.2.0 5.00 328.00 333.00 OK

Check Details

Version: 0.2.0
Check: Rd cross-references
Result: NOTE Found the following Rd file(s) with Rd \link{} targets missing package anchors: simulate_background_earthquakes.Rd: etas Please provide package anchors for all Rd \link{} targets not in the package itself and the base packages. Flavors: r-devel-linux-x86_64-debian-clang, r-devel-linux-x86_64-debian-gcc, r-devel-windows-x86_64, r-patched-linux-x86_64, r-release-linux-x86_64, r-release-windows-x86_64