Last updated on 2025-11-01 17:48:32 CET.
| Flavor | Version | Tinstall | Tcheck | Ttotal | Status | Flags |
|---|---|---|---|---|---|---|
| r-devel-linux-x86_64-debian-clang | 0.2.3 | 62.11 | 524.60 | 586.71 | OK | |
| r-devel-linux-x86_64-debian-gcc | 0.2.3 | 41.57 | 371.07 | 412.64 | OK | |
| r-devel-linux-x86_64-fedora-clang | 0.2.3 | 368.00 | 679.30 | 1047.30 | OK | |
| r-devel-linux-x86_64-fedora-gcc | 0.2.3 | 380.00 | 589.58 | 969.58 | OK | |
| r-devel-windows-x86_64 | 0.2.3 | 63.00 | 437.00 | 500.00 | OK | |
| r-patched-linux-x86_64 | 0.2.3 | 0.31 | 1.79 | 2.10 | ERROR | |
| r-release-linux-x86_64 | 0.2.3 | 62.50 | 484.76 | 547.26 | OK | |
| r-release-macos-arm64 | 0.2.3 | 5.00 | ERROR | |||
| r-release-macos-x86_64 | 0.2.3 | 6.00 | ERROR | |||
| r-release-windows-x86_64 | 0.2.3 | 64.00 | 433.00 | 497.00 | OK | |
| r-oldrel-macos-arm64 | 0.2.3 | 21.00 | ERROR | |||
| r-oldrel-macos-x86_64 | 0.2.3 | 11.00 | ERROR | |||
| r-oldrel-windows-x86_64 | 0.2.3 | 81.00 | 584.00 | 665.00 | OK |
Version: 0.2.3
Check: package dependencies
Result: ERROR
Packages required but not available:
'minfi', 'IlluminaHumanMethylationEPICanno.ilm10b4.hg19',
'IlluminaHumanMethylation450kanno.ilmn12.hg19'
See section ‘The DESCRIPTION file’ in the ‘Writing R Extensions’
manual.
Flavors: r-patched-linux-x86_64, r-release-macos-arm64, r-release-macos-x86_64
Version: 0.2.3
Check: package dependencies
Result: ERROR
Packages required but not available:
'IlluminaHumanMethylationEPICanno.ilm10b4.hg19',
'IlluminaHumanMethylation450kanno.ilmn12.hg19'
See section ‘The DESCRIPTION file’ in the ‘Writing R Extensions’
manual.
Flavors: r-oldrel-macos-arm64, r-oldrel-macos-x86_64