CRAN Package Check Results for Package ELISAtools

Last updated on 2025-11-02 09:48:34 CET.

Flavor Version Tinstall Tcheck Ttotal Status Flags
r-devel-linux-x86_64-debian-clang 0.1.8 3.54 64.46 68.00 NOTE
r-devel-linux-x86_64-debian-gcc 0.1.8 2.85 35.04 37.89 NOTE
r-devel-linux-x86_64-fedora-clang 0.1.8 11.00 85.92 96.92 NOTE
r-devel-linux-x86_64-fedora-gcc 0.1.8 13.00 101.79 114.79 NOTE
r-devel-windows-x86_64 0.1.8 7.00 81.00 88.00 OK
r-patched-linux-x86_64 0.1.8 4.10 62.05 66.15 OK
r-release-linux-x86_64 0.1.8 3.67 43.44 47.11 OK
r-release-macos-arm64 0.1.8 2.00 72.00 74.00 OK
r-release-macos-x86_64 0.1.8 3.00 121.00 124.00 OK
r-release-windows-x86_64 0.1.8 6.00 80.00 86.00 OK
r-oldrel-macos-arm64 0.1.8 2.00 71.00 73.00 OK
r-oldrel-macos-x86_64 0.1.8 4.00 128.00 132.00 OK
r-oldrel-windows-x86_64 0.1.8 5.00 97.00 102.00 OK

Check Details

Version: 0.1.8
Check: Rd files
Result: NOTE checkRd: (-1) read.annotation.Rd:33-38: Only 8 columns allowed in this table (row 1 has 6) checkRd: (-1) read.annotation.Rd:33-38: Only 8 columns allowed in this table (row 2 has 6) checkRd: (-1) read.annotation.Rd:33-38: Only 8 columns allowed in this table (row 3 has 6) checkRd: (-1) read.annotation.Rd:33-38: Only 8 columns allowed in this table (row 4 has 6) checkRd: (-1) read.annotations.Rd:44-49: Only 8 columns allowed in this table (row 1 has 6) checkRd: (-1) read.annotations.Rd:44-49: Only 8 columns allowed in this table (row 2 has 6) checkRd: (-1) read.annotations.Rd:44-49: Only 8 columns allowed in this table (row 3 has 6) checkRd: (-1) read.annotations.Rd:44-49: Only 8 columns allowed in this table (row 4 has 6) Flavors: r-devel-linux-x86_64-debian-clang, r-devel-linux-x86_64-debian-gcc, r-devel-linux-x86_64-fedora-clang, r-devel-linux-x86_64-fedora-gcc