Last updated on 2025-10-31 22:49:56 CET.
| Flavor | Version | Tinstall | Tcheck | Ttotal | Status | Flags | 
|---|---|---|---|---|---|---|
| r-devel-linux-x86_64-debian-clang | 1.1 | 3.01 | 35.04 | 38.05 | NOTE | |
| r-devel-linux-x86_64-debian-gcc | 1.1 | 1.76 | 26.23 | 27.99 | NOTE | |
| r-devel-linux-x86_64-fedora-clang | 1.1 | 58.91 | OK | |||
| r-devel-linux-x86_64-fedora-gcc | 1.1 | 54.42 | OK | |||
| r-devel-windows-x86_64 | 1.1 | 4.00 | 54.00 | 58.00 | OK | |
| r-patched-linux-x86_64 | 1.1 | 3.30 | 32.96 | 36.26 | OK | |
| r-release-linux-x86_64 | 1.1 | 2.83 | 32.81 | 35.64 | OK | |
| r-release-macos-arm64 | 1.1 | 1.00 | 17.00 | 18.00 | OK | |
| r-release-macos-x86_64 | 1.1 | 4.00 | 49.00 | 53.00 | OK | |
| r-release-windows-x86_64 | 1.1 | 4.00 | 55.00 | 59.00 | OK | |
| r-oldrel-macos-arm64 | 1.1 | 1.00 | 21.00 | 22.00 | OK | |
| r-oldrel-macos-x86_64 | 1.1 | 3.00 | 32.00 | 35.00 | OK | |
| r-oldrel-windows-x86_64 | 1.1 | 5.00 | 65.00 | 70.00 | OK | 
Version: 1.1
Check: CRAN incoming feasibility
Result: NOTE
  Maintainer: ‘Alessandro Barbiero <alessandro.barbiero@unimi.it>’
  
  No Authors@R field in DESCRIPTION.
  Please add one, modifying
    Authors@R: person(given = "Alessandro",
                      family = "Barbiero",
                      role = c("aut", "cre"),
                      email = "alessandro.barbiero@unimi.it")
  as necessary.
Flavors: r-devel-linux-x86_64-debian-clang, r-devel-linux-x86_64-debian-gcc