Last updated on 2025-05-22 20:50:47 CEST.
Flavor | Version | Tinstall | Tcheck | Ttotal | Status | Flags |
---|---|---|---|---|---|---|
r-devel-linux-x86_64-debian-clang | 0.1.1 | 1.60 | 19.06 | 20.66 | OK | |
r-devel-linux-x86_64-debian-gcc | 0.1.1 | 1.40 | 15.75 | 17.15 | OK | |
r-devel-linux-x86_64-fedora-clang | 0.1.1 | 32.70 | OK | |||
r-devel-linux-x86_64-fedora-gcc | 0.1.1 | 31.14 | OK | |||
r-devel-windows-x86_64 | 0.1.1 | 3.00 | 50.00 | 53.00 | OK | |
r-patched-linux-x86_64 | 0.1.1 | 1.62 | 18.18 | 19.80 | OK | |
r-release-linux-x86_64 | 0.1.1 | 1.67 | 18.16 | 19.83 | OK | |
r-release-macos-arm64 | 0.1.1 | 16.00 | OK | |||
r-release-macos-x86_64 | 0.1.1 | 24.00 | OK | |||
r-release-windows-x86_64 | 0.1.1 | 2.00 | 69.00 | 71.00 | OK | |
r-oldrel-macos-arm64 | 0.1.1 | 15.00 | NOTE | |||
r-oldrel-macos-x86_64 | 0.1.1 | 22.00 | NOTE | |||
r-oldrel-windows-x86_64 | 0.1.1 | 3.00 | 43.00 | 46.00 | NOTE |
Version: 0.1.1
Check: LazyData
Result: NOTE
'LazyData' is specified without a 'data' directory
Flavors: r-oldrel-macos-arm64, r-oldrel-macos-x86_64, r-oldrel-windows-x86_64