Last updated on 2024-05-21 18:49:11 CEST.
Flavor | Version | Tinstall | Tcheck | Ttotal | Status | Flags |
---|---|---|---|---|---|---|
r-devel-linux-x86_64-debian-clang | 1.2.14 | 84.54 | 27.25 | 111.79 | OK | |
r-devel-linux-x86_64-debian-gcc | 1.2.14 | 66.14 | 21.71 | 87.85 | OK | |
r-devel-linux-x86_64-fedora-clang | 1.2.14 | 190.31 | OK | |||
r-devel-linux-x86_64-fedora-gcc | 1.2.14 | 188.94 | OK | |||
r-devel-windows-x86_64 | 1.2.14 | 73.00 | 66.00 | 139.00 | OK | |
r-patched-linux-x86_64 | 1.2.14 | 101.58 | 27.27 | 128.85 | OK | |
r-release-linux-x86_64 | 1.2.14 | 89.74 | 27.23 | 116.97 | OK | |
r-release-macos-arm64 | 1.2.14 | 38.00 | NOTE | |||
r-release-windows-x86_64 | 1.2.14 | 73.00 | 71.00 | 144.00 | OK | |
r-oldrel-macos-arm64 | 1.2.14 | 48.00 | NOTE | |||
r-oldrel-macos-x86_64 | 1.2.14 | 72.00 | NOTE | |||
r-oldrel-windows-x86_64 | 1.2.14 | 79.00 | 76.00 | 155.00 | OK |
Version: 1.2.14
Check: installed package size
Result: NOTE
installed size is 7.3Mb
sub-directories of 1Mb or more:
libs 7.2Mb
Flavors: r-release-macos-arm64, r-oldrel-macos-arm64, r-oldrel-macos-x86_64