Last updated on 2024-05-09 23:07:16 CEST.
Flavor | Version | Tinstall | Tcheck | Ttotal | Status | Flags |
---|---|---|---|---|---|---|
r-devel-linux-x86_64-debian-clang | 0.1.3 | 4.96 | 72.58 | 77.54 | NOTE | |
r-devel-linux-x86_64-debian-gcc | 0.1.3 | 4.57 | 54.44 | 59.01 | NOTE | |
r-devel-linux-x86_64-fedora-clang | 0.1.3 | 101.01 | NOTE | |||
r-devel-linux-x86_64-fedora-gcc | 0.1.3 | 109.65 | NOTE | |||
r-devel-windows-x86_64 | 0.1.3 | 6.00 | 92.00 | 98.00 | NOTE | |
r-patched-linux-x86_64 | 0.1.3 | 3.81 | 70.13 | 73.94 | NOTE | |
r-release-linux-x86_64 | 0.1.3 | 5.00 | 70.15 | 75.15 | NOTE | |
r-release-macos-arm64 | 0.1.3 | 40.00 | NOTE | |||
r-release-windows-x86_64 | 0.1.3 | 6.00 | 93.00 | 99.00 | NOTE | |
r-oldrel-macos-arm64 | 0.1.3 | 42.00 | OK | |||
r-oldrel-macos-x86_64 | 0.1.3 | 57.00 | OK | |||
r-oldrel-windows-x86_64 | 0.1.3 | 7.00 | 86.00 | 93.00 | OK |
Version: 0.1.3
Check: Rd files
Result: NOTE
checkRd: (-1) number_of_rows.Rd:30-32: Lost braces in \itemize; meant \describe ?
checkRd: (-1) number_of_rows.Rd:33-37: Lost braces in \itemize; meant \describe ?
checkRd: (-1) schema_methods.Rd:38: Lost braces in \itemize; meant \describe ?
checkRd: (-1) schema_methods.Rd:39: Lost braces in \itemize; meant \describe ?
checkRd: (-1) schema_methods.Rd:40: Lost braces in \itemize; meant \describe ?
checkRd: (-1) schema_methods.Rd:41: Lost braces in \itemize; meant \describe ?
checkRd: (-1) schema_source.Rd:30: Lost braces in \itemize; meant \describe ?
checkRd: (-1) schema_source.Rd:31: Lost braces in \itemize; meant \describe ?
checkRd: (-1) special_simulation.Rd:37-39: Lost braces in \itemize; meant \describe ?
checkRd: (-1) special_simulation.Rd:40-43: Lost braces in \itemize; meant \describe ?
Flavors: r-devel-linux-x86_64-debian-clang, r-devel-linux-x86_64-debian-gcc, r-devel-linux-x86_64-fedora-clang, r-devel-linux-x86_64-fedora-gcc, r-devel-windows-x86_64, r-patched-linux-x86_64, r-release-linux-x86_64, r-release-macos-arm64, r-release-windows-x86_64
Version: 0.1.3
Check: dependencies in R code
Result: NOTE
Namespace in Imports field not imported from: ‘R6’
All declared Imports should be used.
Flavors: r-devel-linux-x86_64-fedora-clang, r-devel-linux-x86_64-fedora-gcc