Last updated on 2025-07-04 19:50:17 CEST.
Flavor | Version | Tinstall | Tcheck | Ttotal | Status | Flags |
---|---|---|---|---|---|---|
r-devel-linux-x86_64-debian-clang | 1.0.2 | 3.24 | 70.70 | 73.94 | NOTE | |
r-devel-linux-x86_64-debian-gcc | 1.0.2 | 2.13 | 47.26 | 49.39 | NOTE | |
r-devel-linux-x86_64-fedora-clang | 1.0.2 | 122.18 | OK | |||
r-devel-linux-x86_64-fedora-gcc | 1.0.2 | 129.69 | OK | |||
r-devel-windows-x86_64 | 1.0.2 | 5.00 | 85.00 | 90.00 | OK | |
r-patched-linux-x86_64 | 1.0.2 | 3.23 | 66.09 | 69.32 | OK | |
r-release-linux-x86_64 | 1.0.2 | 3.35 | 66.43 | 69.78 | OK | |
r-release-macos-arm64 | 1.0.2 | 41.00 | OK | |||
r-release-macos-x86_64 | 1.0.2 | 79.00 | OK | |||
r-release-windows-x86_64 | 1.0.2 | 5.00 | 85.00 | 90.00 | OK | |
r-oldrel-macos-arm64 | 1.0.2 | 40.00 | OK | |||
r-oldrel-macos-x86_64 | 1.0.2 | 61.00 | OK | |||
r-oldrel-windows-x86_64 | 1.0.2 | 6.00 | 111.00 | 117.00 | OK |
Version: 1.0.2
Check: CRAN incoming feasibility
Result: NOTE
Maintainer: ‘Mark Hubbe <hubbe.1@osu.edu>’
Package CITATION file contains call(s) to old-style citEntry(). Please
use bibentry() instead.
Flavors: r-devel-linux-x86_64-debian-clang, r-devel-linux-x86_64-debian-gcc