Last updated on 2024-05-21 15:50:20 CEST.
Flavor | Version | Tinstall | Tcheck | Ttotal | Status | Flags |
---|---|---|---|---|---|---|
r-devel-linux-x86_64-debian-clang | 1.0 | 162.06 | 392.29 | 554.35 | OK | |
r-devel-linux-x86_64-debian-gcc | 1.0 | 115.13 | 253.07 | 368.20 | OK | |
r-devel-linux-x86_64-fedora-clang | 1.0 | 752.16 | OK | |||
r-devel-linux-x86_64-fedora-gcc | 1.0 | 682.07 | OK | |||
r-devel-windows-x86_64 | 1.0 | 123.00 | 244.00 | 367.00 | OK | |
r-patched-linux-x86_64 | 1.0 | 166.05 | 338.65 | 504.70 | OK | |
r-release-linux-x86_64 | 1.0 | 154.52 | 327.71 | 482.23 | OK | |
r-release-macos-arm64 | 1.0 | 172.00 | NOTE | |||
r-release-macos-x86_64 | 1.0 | 445.00 | NOTE | |||
r-release-windows-x86_64 | 1.0 | 124.00 | 247.00 | 371.00 | OK | |
r-oldrel-macos-arm64 | 1.0 | 176.00 | NOTE | |||
r-oldrel-macos-x86_64 | 1.0 | 348.00 | NOTE | |||
r-oldrel-windows-x86_64 | 1.0 | 152.00 | 300.00 | 452.00 | OK |
Version: 1.0
Check: installed package size
Result: NOTE
installed size is 6.7Mb
sub-directories of 1Mb or more:
libs 6.1Mb
Flavors: r-release-macos-arm64, r-release-macos-x86_64, r-oldrel-macos-arm64, r-oldrel-macos-x86_64