Last updated on 2024-05-10 00:54:57 CEST.
Flavor | Version | Tinstall | Tcheck | Ttotal | Status | Flags |
---|---|---|---|---|---|---|
r-devel-linux-x86_64-debian-clang | 1.1 | 2.23 | 21.23 | 23.46 | OK | |
r-devel-linux-x86_64-debian-gcc | 1.1 | 1.55 | 16.42 | 17.97 | OK | |
r-devel-linux-x86_64-fedora-clang | 1.1 | 30.38 | OK | |||
r-devel-linux-x86_64-fedora-gcc | 1.1 | 27.50 | OK | |||
r-devel-windows-x86_64 | 1.1 | 2.00 | 38.00 | 40.00 | OK | |
r-patched-linux-x86_64 | 1.1 | 2.14 | 20.38 | 22.52 | OK | |
r-release-linux-x86_64 | 1.1 | 1.75 | 20.41 | 22.16 | OK | |
r-release-macos-arm64 | 1.1 | 14.00 | NOTE | |||
r-release-windows-x86_64 | 1.1 | 3.00 | 37.00 | 40.00 | OK | |
r-oldrel-macos-arm64 | 1.1 | 14.00 | NOTE | |||
r-oldrel-macos-x86_64 | 1.1 | 19.00 | NOTE | |||
r-oldrel-windows-x86_64 | 1.1 | 4.00 | 36.00 | 40.00 | OK |
Version: 1.1
Check: package dependencies
Result: NOTE
Package suggested but not available for checking: ‘ProData’
Flavors: r-release-macos-arm64, r-oldrel-macos-arm64, r-oldrel-macos-x86_64