Last updated on 2025-05-25 19:49:30 CEST.
Flavor | Version | Tinstall | Tcheck | Ttotal | Status | Flags |
---|---|---|---|---|---|---|
r-devel-linux-x86_64-debian-clang | 1.0.4 | 8.23 | 89.37 | 97.60 | OK | |
r-devel-linux-x86_64-debian-gcc | 1.0.4 | 5.61 | 66.31 | 71.92 | OK | |
r-devel-linux-x86_64-fedora-clang | 1.0.4 | 166.18 | OK | |||
r-devel-linux-x86_64-fedora-gcc | 1.0.4 | 165.24 | OK | |||
r-devel-windows-x86_64 | 1.0.4 | 9.00 | 110.00 | 119.00 | OK | |
r-patched-linux-x86_64 | 1.0.4 | 6.48 | 85.78 | 92.26 | OK | |
r-release-linux-x86_64 | 1.0.4 | 7.99 | 84.97 | 92.96 | OK | |
r-release-macos-arm64 | 1.0.4 | 57.00 | OK | |||
r-release-macos-x86_64 | 1.0.4 | 103.00 | OK | |||
r-release-windows-x86_64 | 1.0.4 | 8.00 | 108.00 | 116.00 | OK | |
r-oldrel-macos-arm64 | 1.0.4 | 52.00 | NOTE | |||
r-oldrel-macos-x86_64 | 1.0.4 | 81.00 | NOTE | |||
r-oldrel-windows-x86_64 | 1.0.4 | 11.00 | 130.00 | 141.00 | NOTE |
Version: 1.0.4
Check: LazyData
Result: NOTE
'LazyData' is specified without a 'data' directory
Flavors: r-oldrel-macos-arm64, r-oldrel-macos-x86_64, r-oldrel-windows-x86_64