Last updated on 2024-05-07 06:55:46 CEST.
Flavor | Version | Tinstall | Tcheck | Ttotal | Status | Flags |
---|---|---|---|---|---|---|
r-devel-linux-x86_64-debian-clang | 1.3.2 | 84.03 | 202.60 | 286.63 | OK | |
r-devel-linux-x86_64-debian-gcc | 1.3.2 | 66.15 | 143.58 | 209.73 | OK | |
r-devel-linux-x86_64-fedora-clang | 1.3.2 | 357.35 | OK | |||
r-devel-linux-x86_64-fedora-gcc | 1.3.2 | 382.91 | OK | |||
r-devel-windows-x86_64 | 1.3.2 | 66.00 | 184.00 | 250.00 | OK | |
r-patched-linux-x86_64 | 1.3.2 | 92.47 | 185.79 | 278.26 | OK | |
r-release-linux-x86_64 | 1.3.2 | 86.91 | 189.58 | 276.49 | OK | |
r-release-macos-arm64 | 1.3.2 | 106.00 | NOTE | |||
r-release-windows-x86_64 | 1.3.2 | 67.00 | 179.00 | 246.00 | OK | |
r-oldrel-macos-arm64 | 1.3.2 | 109.00 | NOTE | |||
r-oldrel-macos-x86_64 | 1.3.2 | 202.00 | NOTE | |||
r-oldrel-windows-x86_64 | 1.3.2 | 78.00 | 234.00 | 312.00 | OK |
Version: 1.3.2
Check: installed package size
Result: NOTE
installed size is 9.3Mb
sub-directories of 1Mb or more:
libs 8.0Mb
Flavors: r-release-macos-arm64, r-oldrel-macos-arm64, r-oldrel-macos-x86_64