Last updated on 2025-10-31 20:48:35 CET.
| Flavor | Version | Tinstall | Tcheck | Ttotal | Status | Flags | 
|---|---|---|---|---|---|---|
| r-devel-linux-x86_64-debian-clang | 0.1.0 | 14.92 | 119.45 | 134.37 | NOTE | |
| r-devel-linux-x86_64-debian-gcc | 0.1.0 | 11.41 | 85.80 | 97.21 | NOTE | |
| r-devel-linux-x86_64-fedora-clang | 0.1.0 | 142.00 | 83.39 | 225.39 | NOTE | |
| r-devel-linux-x86_64-fedora-gcc | 0.1.0 | 62.00 | 144.56 | 206.56 | NOTE | |
| r-devel-windows-x86_64 | 0.1.0 | 16.00 | 114.00 | 130.00 | NOTE | |
| r-patched-linux-x86_64 | 0.1.0 | 13.30 | 112.51 | 125.81 | NOTE | |
| r-release-linux-x86_64 | 0.1.0 | 14.54 | 112.96 | 127.50 | NOTE | |
| r-release-macos-arm64 | 0.1.0 | 6.00 | 46.00 | 52.00 | NOTE | |
| r-release-macos-x86_64 | 0.1.0 | 13.00 | 92.00 | 105.00 | NOTE | |
| r-release-windows-x86_64 | 0.1.0 | 15.00 | 118.00 | 133.00 | NOTE | |
| r-oldrel-macos-arm64 | 0.1.0 | 6.00 | 45.00 | 51.00 | NOTE | |
| r-oldrel-macos-x86_64 | 0.1.0 | 9.00 | 70.00 | 79.00 | NOTE | |
| r-oldrel-windows-x86_64 | 0.1.0 | 21.00 | 150.00 | 171.00 | NOTE | 
Version: 0.1.0
Check: CRAN incoming feasibility
Result: NOTE
  Maintainer: ‘Anu Mishra <anmishra@uw.edu>’
  
  No Authors@R field in DESCRIPTION.
  Please add one, modifying
    Authors@R: person(given = "Anu",
                      family = "Mishra",
                      role = c("aut", "cre"),
                      email = "anmishra@uw.edu")
  as necessary.
Flavors: r-devel-linux-x86_64-debian-clang, r-devel-linux-x86_64-debian-gcc
Version: 0.1.0
Check: Rd files
Result: NOTE
  checkRd: (-1) RAWgrid.Rd:58: Lost braces
      58 | {Event rate outside RAW interval, widen RAW interval}{If no or too cases are inside RAW interval [R_{l},R_{u}], cross-validation procedure may not be stable, so this warning indicates RAW interval should widen to include more cases.}
         |                                                      ^
  checkRd: (-1) RAWgrid.Rd:58: Lost braces; missing escapes or markup?
      58 | {Event rate outside RAW interval, widen RAW interval}{If no or too cases are inside RAW interval [R_{l},R_{u}], cross-validation procedure may not be stable, so this warning indicates RAW interval should widen to include more cases.}
         |                                                                                                     ^
  checkRd: (-1) RAWgrid.Rd:58: Lost braces; missing escapes or markup?
      58 | {Event rate outside RAW interval, widen RAW interval}{If no or too cases are inside RAW interval [R_{l},R_{u}], cross-validation procedure may not be stable, so this warning indicates RAW interval should widen to include more cases.}
         |                                                                                                           ^
  checkRd: (-1) cvReptWtTuning.Rd:33: Lost braces; missing escapes or markup?
      33 |   Parameter to be selected via cross-validation. Can be either \eqn{delta} the weight assigned to observations outside the clinically relevant region [R_{l},R_{u}], or the \eqn{lambda} tuning parameter controlling exponential decay within the clinically relevant region [R_{l},R_{u}]}
         |                                                                                                                                                          ^
  checkRd: (-1) cvReptWtTuning.Rd:33: Lost braces; missing escapes or markup?
      33 |   Parameter to be selected via cross-validation. Can be either \eqn{delta} the weight assigned to observations outside the clinically relevant region [R_{l},R_{u}], or the \eqn{lambda} tuning parameter controlling exponential decay within the clinically relevant region [R_{l},R_{u}]}
         |                                                                                                                                                                ^
  checkRd: (-1) cvReptWtTuning.Rd:33: Lost braces; missing escapes or markup?
      33 |   Parameter to be selected via cross-validation. Can be either \eqn{delta} the weight assigned to observations outside the clinically relevant region [R_{l},R_{u}], or the \eqn{lambda} tuning parameter controlling exponential decay within the clinically relevant region [R_{l},R_{u}]}
         |                                                                                                                                                                                                                                                                                  ^
  checkRd: (-1) cvReptWtTuning.Rd:33: Lost braces; missing escapes or markup?
      33 |   Parameter to be selected via cross-validation. Can be either \eqn{delta} the weight assigned to observations outside the clinically relevant region [R_{l},R_{u}], or the \eqn{lambda} tuning parameter controlling exponential decay within the clinically relevant region [R_{l},R_{u}]}
         |                                                                                                                                                                                                                                                                                        ^
  checkRd: (-1) cvWtTuning.Rd:28: Lost braces; missing escapes or markup?
      28 |   Parameter to be selected via cross-validation. Can be either \eqn{delta} the weight assigned to observations outside the clinically relevant region [R_{l},R_{u}], or the \eqn{lambda} tuning parameter controlling exponential decay within the clinically relevant region [R_{l},R_{u}]}
         |                                                                                                                                                          ^
  checkRd: (-1) cvWtTuning.Rd:28: Lost braces; missing escapes or markup?
      28 |   Parameter to be selected via cross-validation. Can be either \eqn{delta} the weight assigned to observations outside the clinically relevant region [R_{l},R_{u}], or the \eqn{lambda} tuning parameter controlling exponential decay within the clinically relevant region [R_{l},R_{u}]}
         |                                                                                                                                                                ^
  checkRd: (-1) cvWtTuning.Rd:28: Lost braces; missing escapes or markup?
      28 |   Parameter to be selected via cross-validation. Can be either \eqn{delta} the weight assigned to observations outside the clinically relevant region [R_{l},R_{u}], or the \eqn{lambda} tuning parameter controlling exponential decay within the clinically relevant region [R_{l},R_{u}]}
         |                                                                                                                                                                                                                                                                                  ^
  checkRd: (-1) cvWtTuning.Rd:28: Lost braces; missing escapes or markup?
      28 |   Parameter to be selected via cross-validation. Can be either \eqn{delta} the weight assigned to observations outside the clinically relevant region [R_{l},R_{u}], or the \eqn{lambda} tuning parameter controlling exponential decay within the clinically relevant region [R_{l},R_{u}]}
         |                                                                                                                                                                                                                                                                                        ^
Flavors: r-devel-linux-x86_64-debian-clang, r-devel-linux-x86_64-debian-gcc, r-devel-linux-x86_64-fedora-clang, r-devel-linux-x86_64-fedora-gcc, r-devel-windows-x86_64, r-patched-linux-x86_64, r-release-linux-x86_64, r-release-macos-arm64, r-release-macos-x86_64, r-release-windows-x86_64, r-oldrel-macos-arm64, r-oldrel-macos-x86_64, r-oldrel-windows-x86_64